{"id":14,"date":"2021-06-02T19:15:50","date_gmt":"2021-06-02T19:15:50","guid":{"rendered":"https:\/\/blogs.dickinson.edu\/borges\/?page_id=14"},"modified":"2024-01-30T02:21:59","modified_gmt":"2024-01-30T02:21:59","slug":"publications","status":"publish","type":"page","link":"https:\/\/blogs.dickinson.edu\/borges\/publications\/","title":{"rendered":"Publications"},"content":{"rendered":"<h4 style=\"text-align: center\">BOOKS<\/h4>\n<div id=\"attachment_87\" style=\"width: 258px\" class=\"wp-caption aligncenter\"><a href=\"https:\/\/www.cambridge.org\/core\/books\/cambridge-history-of-global-migrations\/6554D4C32199D4A5A10135CD7FBA7D30\"><img loading=\"lazy\" decoding=\"async\" aria-describedby=\"caption-attachment-87\" class=\"wp-image-87\" src=\"https:\/\/blogs.dickinson.edu\/borges\/files\/2024\/01\/CHGM_BorgesAndHsu_cover-198x300.jpg\" alt=\"Cover of Cambridge History of Global Migrations, Vol. 2\" width=\"248\" height=\"375\" \/><\/a><p id=\"caption-attachment-87\" class=\"wp-caption-text\">The Cambridge History of Global Migrations, Vol II: Migrations, 1800-Present (edited by Marcelo J. Borges and Madeline Y. Hsu; General Editor, Donna Gabaccia). Cambridge, UK: Cambridge University Press, 2023.<\/p><\/div>\n<div style=\"width: 242px\" class=\"wp-caption aligncenter\"><img loading=\"lazy\" decoding=\"async\" id=\"imgBlkFront\" class=\"a-dynamic-image image-stretch-vertical frontImage\" src=\"https:\/\/images-na.ssl-images-amazon.com\/images\/I\/51tkGPWRZJL._SX332_BO1,204,203,200_.jpg\" alt=\"Emotional Landscapes\" width=\"232\" height=\"346\" data-a-dynamic-image=\"{&quot;https:\/\/images-na.ssl-images-amazon.com\/images\/I\/51tkGPWRZJL._SY344_BO1,204,203,200_.jpg&quot;:[232,346],&quot;https:\/\/images-na.ssl-images-amazon.com\/images\/I\/51tkGPWRZJL._SX332_BO1,204,203,200_.jpg&quot;:[334,499]}\" \/><p class=\"wp-caption-text\">Emotional Landscapes: Love, Gender, and Migration (edited by Marcelo J. Borges, Sonia Cancian, and Linda Reeder). Urbana: University of Illinois Press, 2021.<\/p><\/div>\n<div style=\"width: 244px\" class=\"wp-caption aligncenter\"><a href=\"https:\/\/www.routledge.com\/Migrant-Letters-Emotional-Language-Mobile-Identities-and-Writing-Practices\/Borges-Cancian\/p\/book\/9780367593117\"><img loading=\"lazy\" decoding=\"async\" id=\"imgBlkFront\" class=\"a-dynamic-image\" src=\"https:\/\/images-na.ssl-images-amazon.com\/images\/I\/51ah1ClBmEL._SX325_BO1,204,203,200_.jpg\" alt=\"Migrant Letters\" width=\"234\" height=\"357\" data-a-dynamic-image=\"{&quot;https:\/\/images-na.ssl-images-amazon.com\/images\/I\/51ah1ClBmEL._SX325_BO1,204,203,200_.jpg&quot;:[327,499],&quot;https:\/\/images-na.ssl-images-amazon.com\/images\/I\/51ah1ClBmEL._SY344_BO1,204,203,200_.jpg&quot;:[227,346]}\" \/><\/a><p class=\"wp-caption-text\">Migrant Letters: Emotional Language, Mobile Identities, and Writing Practices in Historical Perspective (edited by Marcelo J. Borges and Sonia Cancian). New York: Routledge, 2018.<\/p><\/div>\n<div style=\"width: 241px\" class=\"wp-caption aligncenter\"><a href=\"https:\/\/link.springer.com\/book\/10.1057\/9781137024671\"><img loading=\"lazy\" decoding=\"async\" class=\"n3VNCb\" src=\"https:\/\/images-na.ssl-images-amazon.com\/images\/I\/5109cjfqPGL._SX322_BO1,204,203,200_.jpg\" alt=\"Company Towns: Labor, Space, and Power Relations across Time and Continents\" width=\"231\" height=\"355\" data-noaft=\"1\" \/><\/a><p class=\"wp-caption-text\">Company Towns: Labor, Space, and Power Relations across Time and Continent (edited by Marcelo J. Borges and Susana B. Torres). New York: Palgrave, 2012.<\/p><\/div>\n<div style=\"width: 269px\" class=\"wp-caption aligncenter\"><a href=\"https:\/\/brill.com\/view\/title\/16736\"><img loading=\"lazy\" decoding=\"async\" src=\"https:\/\/brill.com\/coverimage?doc=%2Ftitle%2F16736&amp;width=300\" alt=\"Chains of Gold: Portuguese Migration to Argentina in Transatlantic Perspective\" width=\"259\" height=\"390\" \/><\/a><p class=\"wp-caption-text\">Chains of Gold: Portuguese Migration to Argentina in Transatlantic Perspective. Leiden and London: Brill, 2009.<\/p><\/div>\n<p>Portuguese translation \u00a0\u00a0\u00a0\u00a0\u00a0\u00a0\u00a0\u00a0\u00a0\u00a0\u00a0\u00a0\u00a0\u00a0\u00a0\u00a0\u00a0\u00a0\u00a0\u00a0\u00a0\u00a0\u00a0\u00a0\u00a0\u00a0\u00a0\u00a0\u00a0\u00a0\u00a0\u00a0\u00a0\u00a0\u00a0\u00a0\u00a0\u00a0\u00a0 Spanish translation<\/p>\n<p><a href=\"https:\/\/www.ics.ulisboa.pt\/livros\/correntes-de-ouro\">\u00a0\u00a0<img loading=\"lazy\" decoding=\"async\" class=\"img-responsive alignleft\" src=\"https:\/\/www.ics.ulisboa.pt\/sites\/ics.ulisboa.pt\/files\/styles\/capa_livro_grande\/public\/loja\/produtos\/978-972-671-454-5.jpg?itok=TCsSu1i1\" alt=\"\" width=\"260\" height=\"399\" \/><\/a> \u00a0\u00a0\u00a0\u00a0\u00a0\u00a0\u00a0\u00a0<a href=\"https:\/\/prohistoria.com.ar\/#!\/producto\/2577\/\"><img loading=\"lazy\" decoding=\"async\" class=\"n3VNCb alignleft\" src=\"https:\/\/0.academia-photos.com\/attachment_thumbnails\/66194235\/mini_magick20210406-26753-172nthx.png?1617734773\" alt=\"PDF) CADENAS DE ORO | Prohistoria Ediciones and Marcelo Borges - Academia.edu\" width=\"276\" height=\"400\" data-noaft=\"1\" \/><\/a><\/p>\n<p>&nbsp;<\/p>\n<p>&nbsp;<\/p>\n<p>&nbsp;<\/p>\n<p>&nbsp;<\/p>\n<p>&nbsp;<\/p>\n<p>&nbsp;<\/p>\n<p>&nbsp;<\/p>\n<p>&nbsp;<\/p>\n<p>&nbsp;<\/p>\n<p>C<em>orrentes de ouro: Emigra\u00e7\u00e3o portuguesa para a Argentina em perspectiva regional e transatl\u00e2ntica<\/em>. Lisbon: Imprensa de Ci\u00eancias Socias, 2019.<\/p>\n<p><em>Cadenas de oro: Inmigraci\u00f3n portuguesa en Argentina e perspectiva regional y transatl\u00e1ntica<\/em>. Rosario: Prohistoria, 2021.<\/p>\n<p>&nbsp;<\/p>\n<h4 style=\"text-align: center\">RECENT ARTICLES<\/h4>\n<p style=\"text-align: left\">&#8220;Emotions and Migration&#8221; (with Mar\u00eda Bjerg). In <em>The Routledge History of Emotions in the Modern World<\/em>, edited by Katie Barclay and Peter N. Stearns. London: Routledge, 2022.\u00a0 <a href=\"https:\/\/www.taylorfrancis.com\/chapters\/edit\/10.4324\/9781003023326-38\/emotions-migration-marcelo-borges-mar%C3%ADa-bjerg\">Click here<\/a>.<\/p>\n<p>&#8220;Narratives of the Self.&#8221; In <em>Sources for the History of Emotions: A Guide<\/em>, edited by Katie Barclay, Sharon Crozier-Dr Rosa, and Peter N. Stearns. London: Routledge, 2020 . <a href=\"https:\/\/www.taylorfrancis.com\/chapters\/edit\/10.4324\/9780429291685-9\/narratives-self-marcelo-borges\">Click here<\/a>.<\/p>\n","protected":false},"excerpt":{"rendered":"<p>BOOKS &nbsp; Portuguese translation \u00a0\u00a0\u00a0\u00a0\u00a0\u00a0\u00a0\u00a0\u00a0\u00a0\u00a0\u00a0\u00a0\u00a0\u00a0\u00a0\u00a0\u00a0\u00a0\u00a0\u00a0\u00a0\u00a0\u00a0\u00a0\u00a0\u00a0\u00a0\u00a0\u00a0\u00a0\u00a0\u00a0\u00a0\u00a0\u00a0\u00a0\u00a0\u00a0 Spanish translation \u00a0\u00a0 \u00a0\u00a0\u00a0\u00a0\u00a0\u00a0\u00a0\u00a0 &nbsp; &nbsp; &nbsp; &nbsp; &nbsp; &nbsp; &nbsp; &nbsp; &nbsp; Correntes de ouro: Emigra\u00e7\u00e3o portuguesa para a Argentina em perspectiva regional e transatl\u00e2ntica. Lisbon: Imprensa de Ci\u00eancias Socias, 2019. Cadenas de oro: Inmigraci\u00f3n portuguesa en Argentina e perspectiva regional y transatl\u00e1ntica. Rosario: Prohistoria, 2021. &nbsp; RECENT ARTICLES [&hellip;]<\/p>\n","protected":false},"author":1679,"featured_media":0,"parent":0,"menu_order":0,"comment_status":"closed","ping_status":"closed","template":"","meta":{"footnotes":""},"class_list":["post-14","page","type-page","status-publish","hentry","post-preview"],"_links":{"self":[{"href":"https:\/\/blogs.dickinson.edu\/borges\/wp-json\/wp\/v2\/pages\/14","targetHints":{"allow":["GET"]}}],"collection":[{"href":"https:\/\/blogs.dickinson.edu\/borges\/wp-json\/wp\/v2\/pages"}],"about":[{"href":"https:\/\/blogs.dickinson.edu\/borges\/wp-json\/wp\/v2\/types\/page"}],"author":[{"embeddable":true,"href":"https:\/\/blogs.dickinson.edu\/borges\/wp-json\/wp\/v2\/users\/1679"}],"replies":[{"embeddable":true,"href":"https:\/\/blogs.dickinson.edu\/borges\/wp-json\/wp\/v2\/comments?post=14"}],"version-history":[{"count":0,"href":"https:\/\/blogs.dickinson.edu\/borges\/wp-json\/wp\/v2\/pages\/14\/revisions"}],"wp:attachment":[{"href":"https:\/\/blogs.dickinson.edu\/borges\/wp-json\/wp\/v2\/media?parent=14"}],"curies":[{"name":"wp","href":"https:\/\/api.w.org\/{rel}","templated":true}]}}