{"id":156,"date":"2022-05-08T17:54:11","date_gmt":"2022-05-08T17:54:11","guid":{"rendered":"http:\/\/blogs.dickinson.edu\/bosniansincarlisle\/files\/2022\/05\/Karadzic_Mladic2.png"},"modified":"2022-05-09T22:51:08","modified_gmt":"2022-05-09T22:51:08","slug":"karadzic_mladic2","status":"inherit","type":"attachment","link":"https:\/\/blogs.dickinson.edu\/bosniansincarlisle\/resources\/photo-gallery\/karadzic_mladic2\/","title":{"rendered":"Karadzic_Mladic2"},"author":1133,"featured_media":0,"comment_status":"open","ping_status":"closed","template":"","meta":[],"class_list":["post-156","attachment","type-attachment","status-inherit","hentry","post-preview"],"description":{"rendered":"<p class=\"attachment\"><a href='https:\/\/blogs.dickinson.edu\/bosniansincarlisle\/files\/2022\/05\/Karadzic_Mladic2.png'><img loading=\"lazy\" decoding=\"async\" width=\"300\" height=\"210\" src=\"https:\/\/blogs.dickinson.edu\/bosniansincarlisle\/files\/2022\/05\/Karadzic_Mladic2-300x210.png\" class=\"attachment-medium size-medium\" alt=\"\" srcset=\"https:\/\/blogs.dickinson.edu\/bosniansincarlisle\/files\/2022\/05\/Karadzic_Mladic2-300x210.png 300w, https:\/\/blogs.dickinson.edu\/bosniansincarlisle\/files\/2022\/05\/Karadzic_Mladic2.png 624w\" sizes=\"auto, (max-width: 300px) 100vw, 300px\" \/><\/a><\/p>\n"},"caption":{"rendered":"<p><a name=\"caption7\"><\/a>7. Karad\u017ei\u0107 and Mladi\u0107 speak to reporters on November 4, 1992<\/p>\n"},"alt_text":"","media_type":"image","mime_type":"image\/png","media_details":{"width":624,"height":437,"file":"2022\/05\/Karadzic_Mladic2.png","sizes":{"medium":{"file":"Karadzic_Mladic2-300x210.png","width":300,"height":210,"mime_type":"image\/png","source_url":"https:\/\/blogs.dickinson.edu\/bosniansincarlisle\/files\/2022\/05\/Karadzic_Mladic2-300x210.png"},"thumbnail":{"file":"Karadzic_Mladic2-150x150.png","width":150,"height":150,"mime_type":"image\/png","source_url":"https:\/\/blogs.dickinson.edu\/bosniansincarlisle\/files\/2022\/05\/Karadzic_Mladic2-150x150.png"},"full":{"file":"Karadzic_Mladic2.png","width":624,"height":437,"mime_type":"image\/png","source_url":"https:\/\/blogs.dickinson.edu\/bosniansincarlisle\/files\/2022\/05\/Karadzic_Mladic2.png"}},"image_meta":{"aperture":"0","credit":"","camera":"","caption":"","created_timestamp":"0","copyright":"","focal_length":"0","iso":"0","shutter_speed":"0","title":"","orientation":"0","keywords":[]}},"post":124,"source_url":"https:\/\/blogs.dickinson.edu\/bosniansincarlisle\/files\/2022\/05\/Karadzic_Mladic2.png","_links":{"self":[{"href":"https:\/\/blogs.dickinson.edu\/bosniansincarlisle\/wp-json\/wp\/v2\/media\/156","targetHints":{"allow":["GET"]}}],"collection":[{"href":"https:\/\/blogs.dickinson.edu\/bosniansincarlisle\/wp-json\/wp\/v2\/media"}],"about":[{"href":"https:\/\/blogs.dickinson.edu\/bosniansincarlisle\/wp-json\/wp\/v2\/types\/attachment"}],"author":[{"embeddable":true,"href":"https:\/\/blogs.dickinson.edu\/bosniansincarlisle\/wp-json\/wp\/v2\/users\/1133"}],"replies":[{"embeddable":true,"href":"https:\/\/blogs.dickinson.edu\/bosniansincarlisle\/wp-json\/wp\/v2\/comments?post=156"}],"wp:attached-to":[{"embeddable":true,"post_type":"page","id":124,"href":"https:\/\/blogs.dickinson.edu\/bosniansincarlisle\/wp-json\/wp\/v2\/pages\/124"}],"curies":[{"name":"wp","href":"https:\/\/api.w.org\/{rel}","templated":true}]}}

<p><a name="caption7"></a>7. Karadžić and Mladić speak to reporters on November 4, 1992</p>
