{"id":8,"date":"2016-01-27T15:55:11","date_gmt":"2016-01-27T15:55:11","guid":{"rendered":"http:\/\/blogs.dickinson.edu\/britishlit\/?page_id=8"},"modified":"2023-08-25T14:23:01","modified_gmt":"2023-08-25T18:23:01","slug":"course-information","status":"publish","type":"page","link":"https:\/\/blogs.dickinson.edu\/britishlit\/","title":{"rendered":"Course Information"},"content":{"rendered":"<p>Welcome to the class website for Dickinson College English 341<\/p>\n<p style=\"text-align: center\"><span style=\"color: #003300\"><strong>Late 19th Century British Literature &amp; Culture:<\/strong><\/span><br \/>\n<span style=\"color: #003300\"> <strong> Aesthetes, Libertines, &amp; Dandies<\/strong><\/span><\/p>\n<p>**students please refer to the <a href=\"https:\/\/blogs.dickinson.edu\/britishlit\/2023-course-schedule\/\">readings &amp;\u00a0schedule<\/a> for links to readings and updated assignments**<\/p>\n<p><a href=\"http:\/\/blogs.dickinson.edu\/britishlit\/files\/2023\/08\/Syllabus-PDF.pdf\">2023 Syllabus PDF<\/a><\/p>\n<p>The <em>fin de si\u00e8cle<\/em>\u2014French for \u2018the end of the century\u2019\u2014 is a period of literature and culture that has been portrayed as being \u201ccaught between two ages, the Victorian and the Modern\u201d (Ledger and Luckhurst). This in between period is perhaps known best for its cry of \u201cart for art\u2019s sake\u201d and the suggestion that morality is relative. Because it usually is characterized by decadence and questions of immorality, the end of the nineteenth century is too often overlooked as a period of enormous technological, political, social, and intellectual change in British literary and cultural life. In this course, we will examine literature, and art more broadly, in the context of discourses on urban problems, \u2018The New Woman,\u2019 imperialism and socialism, as well as place it in conversation with a number of developments in science, psychology, and sexology.<\/p>\n<p>We will read a range of different works of fiction, drama, and poetry by authors such as Oscar Wilde, Michael Field, Mona Caird, H.G. Wells, George Bernard Shaw, Bram Stoker, and William Morris.<\/p>\n<p>&nbsp;<\/p>\n<p><a href=\"http:\/\/blogs.dickinson.edu\/britishlit\/lartdansladcorat00uzan_0007\/\" rel=\"attachment wp-att-28\"><img loading=\"lazy\" decoding=\"async\" class=\"size-medium wp-image-28 alignleft\" src=\"http:\/\/blogs.dickinson.edu\/britishlit\/files\/2016\/02\/lartdansladcorat00uzan_0007-208x300.jpg\" alt=\"lartdansladcorat00uzan_0007\" width=\"208\" height=\"300\" srcset=\"https:\/\/blogs.dickinson.edu\/britishlit\/files\/2016\/02\/lartdansladcorat00uzan_0007-208x300.jpg 208w, https:\/\/blogs.dickinson.edu\/britishlit\/files\/2016\/02\/lartdansladcorat00uzan_0007.jpg 701w\" sizes=\"auto, (max-width: 208px) 100vw, 208px\" \/><\/a>Background Image:\u00a0<em>L&#8217;art dans la d\u00e9coration ext\u00e9rieure des livres, en France et a l&#8217;\u00e9tranger : les couvertures illustr\u00e9es, les cartonnages d&#8217;\u00e9diteurs; la reliure d&#8217;art<\/em><br \/>\nby Uzanne, Octave, 1852-1931; Rhead, Louis, d 1857-1926, illustrator<\/p>\n<p><a href=\"https:\/\/archive.org\/details\/lartdansladcorat00uzan\">https:\/\/archive.org\/details\/lartdansladcorat00uzan<\/a><\/p>\n","protected":false},"excerpt":{"rendered":"<p>Welcome to the class website for Dickinson College English 341 Late 19th Century British Literature &amp; Culture: Aesthetes, Libertines, &amp; Dandies **students please refer to the readings &amp;\u00a0schedule for links to readings and updated assignments** 2023 Syllabus PDF The fin de si\u00e8cle\u2014French for \u2018the end of the century\u2019\u2014 is a period of literature and culture &hellip; <a href=\"https:\/\/blogs.dickinson.edu\/britishlit\/\" class=\"more-link\">Continue reading <span class=\"screen-reader-text\">Course Information<\/span><\/a><\/p>\n","protected":false},"author":1718,"featured_media":0,"parent":0,"menu_order":0,"comment_status":"closed","ping_status":"closed","template":"","meta":{"footnotes":""},"class_list":["post-8","page","type-page","status-publish","hentry"],"_links":{"self":[{"href":"https:\/\/blogs.dickinson.edu\/britishlit\/wp-json\/wp\/v2\/pages\/8","targetHints":{"allow":["GET"]}}],"collection":[{"href":"https:\/\/blogs.dickinson.edu\/britishlit\/wp-json\/wp\/v2\/pages"}],"about":[{"href":"https:\/\/blogs.dickinson.edu\/britishlit\/wp-json\/wp\/v2\/types\/page"}],"author":[{"embeddable":true,"href":"https:\/\/blogs.dickinson.edu\/britishlit\/wp-json\/wp\/v2\/users\/1718"}],"replies":[{"embeddable":true,"href":"https:\/\/blogs.dickinson.edu\/britishlit\/wp-json\/wp\/v2\/comments?post=8"}],"version-history":[{"count":0,"href":"https:\/\/blogs.dickinson.edu\/britishlit\/wp-json\/wp\/v2\/pages\/8\/revisions"}],"wp:attachment":[{"href":"https:\/\/blogs.dickinson.edu\/britishlit\/wp-json\/wp\/v2\/media?parent=8"}],"curies":[{"name":"wp","href":"https:\/\/api.w.org\/{rel}","templated":true}]}}