{"id":238,"date":"2016-03-28T14:17:17","date_gmt":"2016-03-28T14:17:17","guid":{"rendered":"http:\/\/blogs.dickinson.edu\/globalclothesline\/?page_id=238"},"modified":"2016-03-28T14:17:17","modified_gmt":"2016-03-28T14:17:17","slug":"news","status":"publish","type":"page","link":"https:\/\/blogs.dickinson.edu\/globalclothesline\/news\/","title":{"rendered":"News"},"content":{"rendered":"<p><strong>il Resto del Carlino &#8211; March 7, 2016<\/strong><br \/>\nAl Centro interculturale delle donne di Trama di Terre, si \u00e8 realizzato \u2013 per la prima volta in Italia \u2013 il progetto Globalclothesline (http:\/\/globalclothesline.com\/). L\u2019iniziativa \u00e8 nata in Massachussets, negli Stati Uniti, nel 1990 e si \u00e8 poi diffusa in Paesi come Venezuela, Camerun, Olanda e Marocco, ed \u00e8 stata portata a Imola da un gruppo di studentesse e docenti del Dickinson College di Carlisle di Pennsylvania. Vi hanno partecipato le ragazze dell\u2019istituto Alessandro da Imola, ospiti del Centro interculturale delle donne per il progetto di alternanza scuola-lavoro, insieme ad alcune delle donne di Trama di Terre.<\/p>\n<p><a href=\"http:\/\/www.ilrestodelcarlino.it\/imola\/violenza-magliette-trama-donne-1.1953786?wt_mc=emailuser\">http:\/\/www.ilrestodelcarlino.it\/imola\/violenza-magliette-trama-donne-1.1953786?wt_mc=emailuser<\/a><\/p>\n<p>&nbsp;<\/p>\n<p><strong>Trama di Terre &#8211; March 4, 2016<\/strong><br \/>\n\u201cLa cosa che pi\u00f9 mi ha colpita\u201d racconta Francesca Presicci, classe 3A del liceo economico-sociale, \u201c\u00e8 stata che l&#8217;obiettivo di questa attivit\u00e0 non fosse cancellare quello che era successo alle donne ma, insieme, prendere consapevolezza, per trasformare il dolore in forza\u201d.Anche Veronica Pregnolato (3C) \u00e8 stata molto colpita da questo aspetto che \u00e8 l&#8217;opposto del vittimismo e dello stereotipo della donna succube della violenza.Per Irene Ottaviano (3A) \u201cse una donna racconta la violenza sento che questo non riguarda solo lei. Mi sento coinvolta anch&#8217;io, per il fatto che mi pu\u00f2 succedere, perch\u00e9 lei \u00e8 come me\u201d. Conclude Giulia De Rosa (3A) \u201cho capito che nonostante ci siano differenze la violenza maschile esiste in tutti i Paesi del mondo e nessuna cultura la pu\u00f2 giustificare\u201d.<\/p>\n<p><a href=\"http:\/\/www.tramaditerre.org\/tdt\/articles\/art_6337.html\">http:\/\/www.tramaditerre.org\/tdt\/articles\/art_6337.html<\/a><\/p>\n<p>&nbsp;<\/p>\n<p><a href=\"http:\/\/blogs.dickinson.edu\/globalclothesline\/files\/2016\/03\/IMG_0055.jpg\" rel=\"attachment wp-att-239\"><img loading=\"lazy\" decoding=\"async\" class=\"alignnone size-medium wp-image-239\" src=\"http:\/\/blogs.dickinson.edu\/globalclothesline\/files\/2016\/03\/IMG_0055-300x225.jpg\" alt=\"IMG_0055\" width=\"300\" height=\"225\" srcset=\"https:\/\/blogs.dickinson.edu\/globalclothesline\/files\/2016\/03\/IMG_0055-300x225.jpg 300w, https:\/\/blogs.dickinson.edu\/globalclothesline\/files\/2016\/03\/IMG_0055-768x576.jpg 768w, https:\/\/blogs.dickinson.edu\/globalclothesline\/files\/2016\/03\/IMG_0055-1024x768.jpg 1024w\" sizes=\"auto, (max-width: 300px) 100vw, 300px\" \/><\/a> <a href=\"http:\/\/blogs.dickinson.edu\/globalclothesline\/files\/2016\/03\/IMG_0057.jpg\" rel=\"attachment wp-att-240\"><img loading=\"lazy\" decoding=\"async\" class=\"alignnone size-medium wp-image-240\" src=\"http:\/\/blogs.dickinson.edu\/globalclothesline\/files\/2016\/03\/IMG_0057-300x225.jpg\" alt=\"IMG_0057\" width=\"300\" height=\"225\" srcset=\"https:\/\/blogs.dickinson.edu\/globalclothesline\/files\/2016\/03\/IMG_0057-300x225.jpg 300w, https:\/\/blogs.dickinson.edu\/globalclothesline\/files\/2016\/03\/IMG_0057-768x576.jpg 768w, https:\/\/blogs.dickinson.edu\/globalclothesline\/files\/2016\/03\/IMG_0057-1024x768.jpg 1024w\" sizes=\"auto, (max-width: 300px) 100vw, 300px\" \/><\/a> <a href=\"http:\/\/blogs.dickinson.edu\/globalclothesline\/files\/2016\/03\/IMG_0062.jpg\" rel=\"attachment wp-att-241\"><img loading=\"lazy\" decoding=\"async\" class=\"alignnone size-medium wp-image-241\" src=\"http:\/\/blogs.dickinson.edu\/globalclothesline\/files\/2016\/03\/IMG_0062-300x225.jpg\" alt=\"IMG_0062\" width=\"300\" height=\"225\" srcset=\"https:\/\/blogs.dickinson.edu\/globalclothesline\/files\/2016\/03\/IMG_0062-300x225.jpg 300w, https:\/\/blogs.dickinson.edu\/globalclothesline\/files\/2016\/03\/IMG_0062-768x576.jpg 768w, https:\/\/blogs.dickinson.edu\/globalclothesline\/files\/2016\/03\/IMG_0062-1024x768.jpg 1024w\" sizes=\"auto, (max-width: 300px) 100vw, 300px\" \/><\/a> <a href=\"http:\/\/blogs.dickinson.edu\/globalclothesline\/files\/2016\/03\/IMG_0064.jpg\" rel=\"attachment wp-att-242\"><img loading=\"lazy\" decoding=\"async\" class=\"alignnone size-medium wp-image-242\" src=\"http:\/\/blogs.dickinson.edu\/globalclothesline\/files\/2016\/03\/IMG_0064-300x225.jpg\" alt=\"IMG_0064\" width=\"300\" height=\"225\" srcset=\"https:\/\/blogs.dickinson.edu\/globalclothesline\/files\/2016\/03\/IMG_0064-300x225.jpg 300w, https:\/\/blogs.dickinson.edu\/globalclothesline\/files\/2016\/03\/IMG_0064-768x576.jpg 768w, https:\/\/blogs.dickinson.edu\/globalclothesline\/files\/2016\/03\/IMG_0064-1024x768.jpg 1024w\" sizes=\"auto, (max-width: 300px) 100vw, 300px\" \/><\/a> <a href=\"http:\/\/blogs.dickinson.edu\/globalclothesline\/files\/2016\/03\/IMG_0079.jpg\" rel=\"attachment wp-att-243\"><img loading=\"lazy\" decoding=\"async\" class=\"alignnone size-medium wp-image-243\" src=\"http:\/\/blogs.dickinson.edu\/globalclothesline\/files\/2016\/03\/IMG_0079-300x225.jpg\" alt=\"IMG_0079\" width=\"300\" height=\"225\" srcset=\"https:\/\/blogs.dickinson.edu\/globalclothesline\/files\/2016\/03\/IMG_0079-300x225.jpg 300w, https:\/\/blogs.dickinson.edu\/globalclothesline\/files\/2016\/03\/IMG_0079-768x576.jpg 768w, https:\/\/blogs.dickinson.edu\/globalclothesline\/files\/2016\/03\/IMG_0079-1024x768.jpg 1024w\" sizes=\"auto, (max-width: 300px) 100vw, 300px\" \/><\/a> <a href=\"http:\/\/blogs.dickinson.edu\/globalclothesline\/files\/2016\/03\/IMG_0080.jpg\" rel=\"attachment wp-att-244\"><img loading=\"lazy\" decoding=\"async\" class=\"alignnone size-medium wp-image-244\" src=\"http:\/\/blogs.dickinson.edu\/globalclothesline\/files\/2016\/03\/IMG_0080-300x225.jpg\" alt=\"IMG_0080\" width=\"300\" height=\"225\" srcset=\"https:\/\/blogs.dickinson.edu\/globalclothesline\/files\/2016\/03\/IMG_0080-300x225.jpg 300w, https:\/\/blogs.dickinson.edu\/globalclothesline\/files\/2016\/03\/IMG_0080-768x576.jpg 768w, https:\/\/blogs.dickinson.edu\/globalclothesline\/files\/2016\/03\/IMG_0080-1024x768.jpg 1024w\" sizes=\"auto, (max-width: 300px) 100vw, 300px\" \/><\/a><\/p>\n","protected":false},"excerpt":{"rendered":"<p>il Resto del Carlino &#8211; March 7, 2016 Al Centro interculturale delle donne di Trama di Terre, si \u00e8 realizzato \u2013 per la prima volta in Italia \u2013 il progetto Globalclothesline (http:\/\/globalclothesline.com\/). L\u2019iniziativa \u00e8 nata in Massachussets, negli Stati Uniti, &hellip; <a href=\"https:\/\/blogs.dickinson.edu\/globalclothesline\/news\/\">Continue reading <span class=\"meta-nav\">&rarr;<\/span><\/a><\/p>\n","protected":false},"author":1691,"featured_media":0,"parent":0,"menu_order":0,"comment_status":"closed","ping_status":"closed","template":"","meta":{"ngg_post_thumbnail":0,"footnotes":""},"class_list":["post-238","page","type-page","status-publish","hentry"],"_links":{"self":[{"href":"https:\/\/blogs.dickinson.edu\/globalclothesline\/wp-json\/wp\/v2\/pages\/238","targetHints":{"allow":["GET"]}}],"collection":[{"href":"https:\/\/blogs.dickinson.edu\/globalclothesline\/wp-json\/wp\/v2\/pages"}],"about":[{"href":"https:\/\/blogs.dickinson.edu\/globalclothesline\/wp-json\/wp\/v2\/types\/page"}],"author":[{"embeddable":true,"href":"https:\/\/blogs.dickinson.edu\/globalclothesline\/wp-json\/wp\/v2\/users\/1691"}],"replies":[{"embeddable":true,"href":"https:\/\/blogs.dickinson.edu\/globalclothesline\/wp-json\/wp\/v2\/comments?post=238"}],"version-history":[{"count":0,"href":"https:\/\/blogs.dickinson.edu\/globalclothesline\/wp-json\/wp\/v2\/pages\/238\/revisions"}],"wp:attachment":[{"href":"https:\/\/blogs.dickinson.edu\/globalclothesline\/wp-json\/wp\/v2\/media?parent=238"}],"curies":[{"name":"wp","href":"https:\/\/api.w.org\/{rel}","templated":true}]}}