{"id":2632,"date":"2012-10-31T11:27:47","date_gmt":"2012-10-31T15:27:47","guid":{"rendered":"http:\/\/blogs.dickinson.edu\/glossen\/?page_id=2632"},"modified":"2021-12-30T14:36:50","modified_gmt":"2021-12-30T19:36:50","slug":"autoren-glossen-352012-glossen-35","status":"publish","type":"page","link":"https:\/\/blogs.dickinson.edu\/glossen\/archive\/most-recent-issue-glossen-352012\/autoren-glossen-352012-glossen-35\/","title":{"rendered":"Autoren Glossen 35\/2012"},"content":{"rendered":"<p><strong>Michael Augustin<\/strong> ist ein deutscher Autor und Radiojournalist. Au\u00dferdem ist er \u00fcberzeugter Bremer und \u00fcberwiegend gl\u00fccklicher Werder Bremen Fan. Sein neuestes Buch, <em>Ostsee-Storys<\/em>, steht kurz vor der Ver\u00f6ffentlichung. (http:\/\/www.poetenladen.de\/michael-augustin.php)<\/p>\n<p><strong>Bas (Bastian) B\u00f6ttcher<\/strong> ist Bremer Wahl-Berliner und Mitbegr\u00fcnder der deutschsprachigen Poetry-Slam-Szene, der seit 2012 als Gastdozent am Leipziger Deutschen Literaturinstitut Sprache und Inszenierung unterrichtet.(http:\/\/www.basboettcher.de\/)<\/p>\n<p><strong>Theo Breuer<\/strong> ist ein deutscher Autor, Herausgeber (edition bauwagen, Edition YE) und Literatur\u00fcbersetzer. Seine Gedichte wurden in verschiedene Sprachen \u00fcbersetzt. Er lebt in der Eifel. (http:\/\/www.poetenladen.de\/theo-breuer.htm)<\/p>\n<p><strong>Christine Cosentino<\/strong> ist \u201cProfessor of German at Rutgers University in Camden\u201d und Mitherausgeberin von Glossen. <\/p>\n<p><strong>Gabriele Eckart<\/strong> ist eine deutsche Autorin und \u201cProfessor of German and Spanish\u201d an der \u201cSoutheast Missouri State University\u201d.<\/p>\n<p><strong>Gabriele Eichmanns <\/strong>ist Assistant Teaching Professor of German an der Carnegie Mellon University in Pittsburgh.<\/p>\n<p><strong>Jacob-Ivan Eidt<\/strong> ist Leiter der Abteilung f\u00fcr Modern Languages and Literatures an der University of Dallas in Texas.<\/p>\n<p><strong>Alexander Kluge<\/strong> ist ein deutscher Autor, Filmemacher und Philosoph. (http:\/\/www.kluge-alexander.de\/)<\/p>\n<p><strong>Frederick Lubich<\/strong> ist &#8220;Professor of German&#8221; an der Old Dominion University in Norfolk, VA.<\/strong><\/p>\n<p><strong>Ursula Mahlendorf<\/strong> Autorin der Autobiografie\u00a0<em>The Shame of Survival \u2013 Working Through a Nazi Childhood<\/em>\u00a0(Pennsylvania State University Press, 2009, pp. 365).<\/p>\n<p><strong>Uama Obama<\/strong> wurde in Kenya geboren und studierte in Heidelberg und Bayreuth, wo sie mit einer Dissertation zum Begriff der Arbeit und deren Bild in der deutschen Literatur ihren Doktor erhielt. Seit 2008 arbeitet sie als Entwicklungshelferin in Kenya.<\/p>\n<p><strong>Hellmuth Opitz<\/strong> ist ein deutscher Autor (Lyrik, Prosa, H\u00f6rb\u00fccher) und Journalist. Er gewann mehrere &#8220;Poetry-Slams, u. a. in seiner Heimatstadt Bielefeld. Au\u00dferdem ist er Texter und &#8220;Creative Director&#8221; in einer Werbeagentur.(http:\/\/www.hellmuth-opitz.de\/)<\/p>\n<p><strong>Matthias Politycki<\/strong> kommt urspr\u00fcnglich aus Karlsruhe, lebt aber zu unterschiedlichen Zeiten in Hamburg und M\u00fcnchen, wo er die verschiedensten literarischen und wissenschaftlichen Texte schreibt und teilweise auch herausgibt. (http:\/\/www.matthias-politycki.de\/)<\/p>\n<p><strong>Arne Rautenberg<\/strong> ist ein Kieler Autor. Er schreibt Essays, Gedichte, H\u00f6rst\u00fccke, Kurzgeschichten, Romane und arbeitet f\u00fcr verschiedene Feuilletons. Sein literarisches Hauptbet\u00e4tigungsfeld ist die Lyrik. Gedichte und Geschichten sind in mehreren Einzeltiteln sowie zahlreichen Anthologien und Zeitschriften erschienen. Zudem sind viele seiner Gedichte in Schulb\u00fccher aufgenommen worden.(http:\/\/www.arnerautenberg.de\/)<\/p>\n<p><strong>Volker Sielaff<\/strong> ist in der Lausitz geboren und lebt als Autor (Lyrik, Essays, Literaturkritiken) und Journalist in Dresden. (http:\/\/www.volker-sielaff.de\/)<\/p>\n<p><strong>Rainer Stollmann<\/strong> ist Professor f\u00fcr Kulturgeschichte an der Universit\u00e4t Bremen. Er forscht i.w. zu zwei Themen: Geschichte des Lachens und Alexander Kluge. Letzte Publikation: <em>&#8220;Angst ist ein gutes Mittel gegen Verstopfung.&#8221; Aus der Geschichte des Lachens.<\/em> Berlin: Vorwerk 8, 2010. N\u00e4chste Publikation: <em>Begriffe putzen. Zwei Interviews mit Alexander Kluge<\/em>. Berlin 2013.<\/p>\n","protected":false},"excerpt":{"rendered":"<p>Michael Augustin ist ein deutscher Autor und Radiojournalist. Au\u00dferdem ist er \u00fcberzeugter Bremer und \u00fcberwiegend gl\u00fccklicher Werder Bremen Fan. Sein neuestes Buch, Ostsee-Storys, steht kurz vor der Ver\u00f6ffentlichung. (http:\/\/www.poetenladen.de\/michael-augustin.php) Bas (Bastian) B\u00f6ttcher ist Bremer Wahl-Berliner und Mitbegr\u00fcnder der deutschsprachigen Poetry-Slam-Szene, der seit 2012 als Gastdozent am Leipziger Deutschen Literaturinstitut Sprache und Inszenierung unterrichtet.(http:\/\/www.basboettcher.de\/) Theo Breuer [&hellip;]<\/p>\n","protected":false},"author":394,"featured_media":0,"parent":2534,"menu_order":0,"comment_status":"closed","ping_status":"closed","template":"","meta":{"footnotes":""},"class_list":["post-2632","page","type-page","status-publish","hentry"],"_links":{"self":[{"href":"https:\/\/blogs.dickinson.edu\/glossen\/wp-json\/wp\/v2\/pages\/2632","targetHints":{"allow":["GET"]}}],"collection":[{"href":"https:\/\/blogs.dickinson.edu\/glossen\/wp-json\/wp\/v2\/pages"}],"about":[{"href":"https:\/\/blogs.dickinson.edu\/glossen\/wp-json\/wp\/v2\/types\/page"}],"author":[{"embeddable":true,"href":"https:\/\/blogs.dickinson.edu\/glossen\/wp-json\/wp\/v2\/users\/394"}],"replies":[{"embeddable":true,"href":"https:\/\/blogs.dickinson.edu\/glossen\/wp-json\/wp\/v2\/comments?post=2632"}],"version-history":[{"count":0,"href":"https:\/\/blogs.dickinson.edu\/glossen\/wp-json\/wp\/v2\/pages\/2632\/revisions"}],"up":[{"embeddable":true,"href":"https:\/\/blogs.dickinson.edu\/glossen\/wp-json\/wp\/v2\/pages\/2534"}],"wp:attachment":[{"href":"https:\/\/blogs.dickinson.edu\/glossen\/wp-json\/wp\/v2\/media?parent=2632"}],"curies":[{"name":"wp","href":"https:\/\/api.w.org\/{rel}","templated":true}]}}

<p><strong>Michael Augustin</strong> ist ein deutscher Autor und Radiojournalist. Außerdem ist er überzeugter Bremer und überwiegend glücklicher Werder Bremen Fan. Sein neuestes Buch, <em>Ostsee-Storys</em>, steht kurz vor der Veröffentlichung. (http://www.poetenladen.de/michael-augustin.php)</p>
<p><strong>Bas (Bastian) Böttcher</strong> ist Bremer Wahl-Berliner und Mitbegründer der deutschsprachigen Poetry-Slam-Szene, der seit 2012 als Gastdozent am Leipziger Deutschen Literaturinstitut Sprache und Inszenierung unterrichtet.(http://www.basboettcher.de/)</p>
<p><strong>Theo Breuer</strong> ist ein deutscher Autor, Herausgeber (edition bauwagen, Edition YE) und Literaturübersetzer. Seine Gedichte wurden in verschiedene Sprachen übersetzt. Er lebt in der Eifel. (http://www.poetenladen.de/theo-breuer.htm)</p>
<p><strong>Christine Cosentino</strong> ist “Professor of German at Rutgers University in Camden” und Mitherausgeberin von Glossen. </p>
<p><strong>Gabriele Eckart</strong> ist eine deutsche Autorin und “Professor of German and Spanish” an der “Southeast Missouri State University”.</p>
<p><strong>Gabriele Eichmanns </strong>ist Assistant Teaching Professor of German an der Carnegie Mellon University in Pittsburgh.</p>
<p><strong>Jacob-Ivan Eidt</strong> ist Leiter der Abteilung für Modern Languages and Literatures an der University of Dallas in Texas.</p>
<p><strong>Alexander Kluge</strong> ist ein deutscher Autor, Filmemacher und Philosoph. (http://www.kluge-alexander.de/)</p>
<p><strong>Frederick Lubich</strong> ist &#8220;Professor of German&#8221; an der Old Dominion University in Norfolk, VA.</strong></p>
<p><strong>Ursula Mahlendorf</strong> Autorin der Autobiografie <em>The Shame of Survival – Working Through a Nazi Childhood</em> (Pennsylvania State University Press, 2009, pp. 365).</p>
<p><strong>Uama Obama</strong> wurde in Kenya geboren und studierte in Heidelberg und Bayreuth, wo sie mit einer Dissertation zum Begriff der Arbeit und deren Bild in der deutschen Literatur ihren Doktor erhielt. Seit 2008 arbeitet sie als Entwicklungshelferin in Kenya.</p>
<p><strong>Hellmuth Opitz</strong> ist ein deutscher Autor (Lyrik, Prosa, Hörbücher) und Journalist. Er gewann mehrere &#8220;Poetry-Slams, u. a. in seiner Heimatstadt Bielefeld. Außerdem ist er Texter und &#8220;Creative Director&#8221; in einer Werbeagentur.(http://www.hellmuth-opitz.de/)</p>
<p><strong>Matthias Politycki</strong> kommt ursprünglich aus Karlsruhe, lebt aber zu unterschiedlichen Zeiten in Hamburg und München, wo er die verschiedensten literarischen und wissenschaftlichen Texte schreibt und teilweise auch herausgibt. (http://www.matthias-politycki.de/)</p>
<p><strong>Arne Rautenberg</strong> ist ein Kieler Autor. Er schreibt Essays, Gedichte, Hörstücke, Kurzgeschichten, Romane und arbeitet für verschiedene Feuilletons. Sein literarisches Hauptbetätigungsfeld ist die Lyrik. Gedichte und Geschichten sind in mehreren Einzeltiteln sowie zahlreichen Anthologien und Zeitschriften erschienen. Zudem sind viele seiner Gedichte in Schulbücher aufgenommen worden.(http://www.arnerautenberg.de/)</p>
<p><strong>Volker Sielaff</strong> ist in der Lausitz geboren und lebt als Autor (Lyrik, Essays, Literaturkritiken) und Journalist in Dresden. (http://www.volker-sielaff.de/)</p>
<p><strong>Rainer Stollmann</strong> ist Professor für Kulturgeschichte an der Universität Bremen. Er forscht i.w. zu zwei Themen: Geschichte des Lachens und Alexander Kluge. Letzte Publikation: <em>&#8220;Angst ist ein gutes Mittel gegen Verstopfung.&#8221; Aus der Geschichte des Lachens.</em> Berlin: Vorwerk 8, 2010. Nächste Publikation: <em>Begriffe putzen. Zwei Interviews mit Alexander Kluge</em>. Berlin 2013.</p>

<p>Michael Augustin ist ein deutscher Autor und Radiojournalist. Außerdem ist er überzeugter Bremer und überwiegend glücklicher Werder Bremen Fan. Sein neuestes Buch, Ostsee-Storys, steht kurz vor der Veröffentlichung. (http://www.poetenladen.de/michael-augustin.php) Bas (Bastian) Böttcher ist Bremer Wahl-Berliner und Mitbegründer der deutschsprachigen Poetry-Slam-Szene, der seit 2012 als Gastdozent am Leipziger Deutschen Literaturinstitut Sprache und Inszenierung unterrichtet.(http://www.basboettcher.de/) Theo Breuer [&hellip;]</p>
