{"id":2690,"date":"2012-10-31T12:53:45","date_gmt":"2012-10-31T16:53:45","guid":{"rendered":"http:\/\/blogs.dickinson.edu\/glossen\/?page_id=2690"},"modified":"2012-10-31T12:53:45","modified_gmt":"2012-10-31T16:53:45","slug":"bas-bottcher-glossen-35","status":"publish","type":"page","link":"https:\/\/blogs.dickinson.edu\/glossen\/archive\/most-recent-issue-glossen-352012\/bas-bottcher-glossen-35\/","title":{"rendered":"Bas B\u00f6ttcher"},"content":{"rendered":"<p><a href=\"http:\/\/blogs.dickinson.edu\/glossen\/files\/2012\/10\/schnappschuesse.mp3\">Schnappsch\u00fcsse<\/a><br \/>\n<strong>Schnappsch\u00fcsse<\/strong><br \/>\n(Bas B\u00f6ttcher zum Andenken an H. A.)<\/p>\n<p>Nimm diesen Fotoapparat<br \/>\nNimm diese Kamera<br \/>\nSchau wie der Spiegel sein Reflex-Spiel treibt<br \/>\nmit Brennweite, Blende und zweiunddrei\u00dfig Gigabyte<\/p>\n<p>F\u00fcr die vor\u00fcbergehende Sch\u00f6nheit, die anhaltende Zeit<br \/>\nsie passiert dir, sie passiert dich<br \/>\nim Vorbeigehen ein Blitzen, das bleibt<br \/>\nSo erscheint sie dir und so erscheint sie allen<br \/>\nim Begriff zu strahlen, gleich ihr verfallen<\/p>\n<p>Finde Motive, mach Fotos<br \/>\nDr\u00fccke den Ausl\u00f6ser<br \/>\nf\u00fcr die Fortfolge von hell aufbrennenden<br \/>\nkeine Sekunde dauernden<br \/>\njede Hundertstel beginnenden und endenden Momenten<\/p>\n<p>Knips das<br \/>\nSonne-steht-im-Gegenlichtadrette-<br \/>\nSilhouette-stichtaus-<br \/>\nMassen-in-der-Bahn-zur<br \/>\nMorgen-Fr\u00fchschicht-hervor-Jetzt<\/p>\n<p>Knips das<br \/>\nMatt-im-Schatten-schlafen-legen<br \/>\nsatt-und-schlapp-die-Tr\u00e4gheit-pflegen<br \/>\nrasten-und-die-Lider-zufalln<br \/>\nlassen-unterm-Baum-Jetzt<\/p>\n<p>Knips<br \/>\nBeim-Blick-aus-Flugzeugfenstergl\u00e4nzt-<br \/>\nder-Fl\u00fcgel-Fliegerschattenauf-<br \/>\nden-Wolken-und-nkreisrunder-<br \/>\nRegenbogen-drum-Jetzt<\/p>\n<p>Fokussier die Fortfolge von hell aufbrennenden<br \/>\nkeine Sekunde dauernden<br \/>\njede Hundertstel beginnenden und endenden Momenten<\/p>\n<p>Und so viel du auch knipst<br \/>\nes bleiben Pixel gebannt auf Chips<\/p>\n<p>Und die vor\u00fcbergehende Sch\u00f6nheit, die anhaltende Zeit<br \/>\nsie passiert dir, sie passiert dich<br \/>\nim Vorbeigehen ein Blitzen, das bleibt<br \/>\nSo erscheint sie dir und so erscheint sie allen<br \/>\nim Begriff zu strahlen, gleich ihr verfallen<\/p>\n<p>(Aus: Bas B\u00f6ttcher \u2013 Vor\u00fcbergehende Sch\u00f6nheit \u2013 Buch &amp; CD bei Voland &amp; Quist \u2013 2012)<\/p>\n<p>&nbsp;<br \/>\n<a href='http:\/\/blogs.dickinson.edu\/glossen\/files\/2012\/10\/abheben.mp3'>Abheben<\/a><br \/>\n<strong>Vom Abheben<\/strong><\/p>\n<p>Ticket gebucht<br \/>\nKoffer gepackt<br \/>\nP\u00e4sse gesucht<br \/>\nUrlaub gemacht<br \/>\n&nbsp;<br \/>\nUnd wie Entdeckergeist, EC-Karte und Reise-Arznei<br \/>\nist meine eine <em>sie <\/em>bei jedem Flugzeugstart dabei<br \/>\n&nbsp;<br \/>\nOb Neapel oder Nepal, ob Sonne oder Schneefall<br \/>\nob Bali oder Bari, ob Strand oder Safari<br \/>\nindividual oder mit Pauschale, Hauptsache<br \/>\nich treff meine Flugsicherheitsbeauftragte<br \/>\nmit dem scharfen Blick einer Raubkatze<br \/>\n&nbsp;<br \/>\nSie<br \/>\ninspiziert die Taschen<br \/>\nund durchw\u00fchlt die Sachen<br \/>\nkonfisziert die Flaschen<br \/>\ntippt versiert die Tasten<br \/>\nkorrigiert Lidschatten<br \/>\nmit milder Stimme und lieblichem Lachen<br \/>\nFragt ohne Verlegenheit leicht und frei<br \/>\nHaben Sie Fl\u00fcssigkeiten dabei?<br \/>\n&nbsp;<br \/>\nMit dem scharfen Blick einer Raubkatze<br \/>\nmeine Flugsicherheitsbeauftragte<br \/>\nin dieser Uniform, in dieser reizenden Aufmache<br \/>\n&nbsp;<br \/>\nKeine Br\u00e4unung am Strand ohne Durchleuchtung am Flie\u00dfband<br \/>\nKein Sonnendeck, kein Reisegep\u00e4ck ohne Taschencheck<br \/>\nKeine Wellen, keine Korallen ohne Kontrollen<br \/>\nKein Lichtschutzfaktor ohne Metalldetektor<br \/>\nDem New Yorker Urban-Glam kommt zuvor der K\u00f6rperscan<br \/>\n&nbsp;<br \/>\nMit dem scharfen Blick einer Raubkatze<br \/>\nmeine Flugsicherheitsbeauftragte<br \/>\nin dieser Uniform, in dieser strengen Aufmache<br \/>\n&nbsp;<br \/>\nUnd ohne sie fl\u00f6gen wir nicht<br \/>\nverl\u00f6ren wir schlicht<br \/>\nBye bye sch\u00f6ne Aussicht<br \/>\nEs z\u00f6gen Gewicht<br \/>\nund Schwerkraft uns runter ohne besagte<br \/>\nFlugsicherheitsbeauftragte<br \/>\n&nbsp;<\/p>\n<p>(Aus: Bas B\u00f6ttcher, <em>Vor\u00fcbergehende Sch\u00f6nheit<\/em> Buch &amp; CD bei Voland &amp; Quist \u2013 2012)<\/p>\n<p>&nbsp;<\/p>\n","protected":false},"excerpt":{"rendered":"<p>Schnappsch\u00fcsse Schnappsch\u00fcsse (Bas B\u00f6ttcher zum Andenken an H. A.) Nimm diesen Fotoapparat Nimm diese Kamera Schau wie der Spiegel sein Reflex-Spiel treibt mit Brennweite, Blende und zweiunddrei\u00dfig Gigabyte F\u00fcr die vor\u00fcbergehende Sch\u00f6nheit, die anhaltende Zeit sie passiert dir, sie passiert dich im Vorbeigehen ein Blitzen, das bleibt So erscheint sie dir und so erscheint sie [&hellip;]<\/p>\n","protected":false},"author":394,"featured_media":0,"parent":2534,"menu_order":0,"comment_status":"open","ping_status":"open","template":"","meta":{"footnotes":""},"class_list":["post-2690","page","type-page","status-publish","hentry"],"_links":{"self":[{"href":"https:\/\/blogs.dickinson.edu\/glossen\/wp-json\/wp\/v2\/pages\/2690","targetHints":{"allow":["GET"]}}],"collection":[{"href":"https:\/\/blogs.dickinson.edu\/glossen\/wp-json\/wp\/v2\/pages"}],"about":[{"href":"https:\/\/blogs.dickinson.edu\/glossen\/wp-json\/wp\/v2\/types\/page"}],"author":[{"embeddable":true,"href":"https:\/\/blogs.dickinson.edu\/glossen\/wp-json\/wp\/v2\/users\/394"}],"replies":[{"embeddable":true,"href":"https:\/\/blogs.dickinson.edu\/glossen\/wp-json\/wp\/v2\/comments?post=2690"}],"version-history":[{"count":0,"href":"https:\/\/blogs.dickinson.edu\/glossen\/wp-json\/wp\/v2\/pages\/2690\/revisions"}],"up":[{"embeddable":true,"href":"https:\/\/blogs.dickinson.edu\/glossen\/wp-json\/wp\/v2\/pages\/2534"}],"wp:attachment":[{"href":"https:\/\/blogs.dickinson.edu\/glossen\/wp-json\/wp\/v2\/media?parent=2690"}],"curies":[{"name":"wp","href":"https:\/\/api.w.org\/{rel}","templated":true}]}}