{"id":3092,"date":"2013-06-10T21:36:36","date_gmt":"2013-06-11T01:36:36","guid":{"rendered":"http:\/\/blogs.dickinson.edu\/glossen\/?page_id=3092"},"modified":"2014-11-17T22:25:13","modified_gmt":"2014-11-18T03:25:13","slug":"archive-most-recent-issue-glossen-362013","status":"publish","type":"page","link":"https:\/\/blogs.dickinson.edu\/glossen\/archive\/archive-most-recent-issue-glossen-362013\/","title":{"rendered":"Most recent Issue &#8212; Glossen 36\/2013"},"content":{"rendered":"<h3>Lyrik<\/h3>\n<p><a href=\"http:\/\/blogs.dickinson.edu\/glossen\/klaus-rainer-goll-glossen-36-2013\">Klaus Rainer Goll: Hinter der Grenze<\/a><\/p>\n<p><a href=\"http:\/\/blogs.dickinson.edu\/glossen\/most-recent-issue-glossen-36-2013\/ralph-gruneberger-glossen-36\">Ralph Gr\u00fcneberger: Drei Amerika-Gedichte<\/a><\/p>\n<p><a href=\"http:\/\/blogs.dickinson.edu\/glossen\/salli-sallmann-glossen-36-2013\">Salli Sallmann<\/a><\/p>\n<p><a href=\"http:\/\/blogs.dickinson.edu\/glossen\/3203-2hans-michael-speier-glossen-36-2013\">Michael Speier<\/a><\/p>\n<h3>Prosa<\/h3>\n<p><a href=\"http:\/\/blogs.dickinson.edu\/glossen\/klaus-rainer-goll2-glossen-36-2013\"> Klaus Rainer Goll: Tagebuch einer Reise aufs Fischland \u2014 Ausz\u00fcge <\/a><br \/>\n<a href=\"http:\/\/blogs.dickinson.edu\/glossen\/frederick-lubich-glossen-36-2013\">Frederick Lubich: Bis ans Ende der Welt: Von der Heidelberger Dichterrunde \u00fcber das Berliner Caf\u00e9 Einstein in die Todesfalle von Timbuktu<\/a><\/p>\n<h3>Artikel<\/h3>\n<p><a href=\"http:\/\/blogs.dickinson.edu\/glossen\/most-recent-issue-glossen-36-2013\/christine-cosentino-glossen-36-2013\">Christine Cosentino: Volker Brauns Erz\u00e4hlung <em>Die hellen Haufen<\/em>: Eine n\u00e4rrische Geschichte.<\/a><br \/>\n<a href=\"http:\/\/blogs.dickinson.edu\/glossen\/most-recent-issue-glossen-36-2013\/gabriele-eckart-glossen-36-2013\">Gabriele Eckart: Defending SED Party line: G\u00fcnther R\u00fccker\u2019s <em>Der Nachbar des Herrn Pansa<\/em> (1969)<\/a><\/p>\n<h3>Autoren<\/h3>\n<p><a href=\"http:\/\/blogs.dickinson.edu\/glossen\/most-recent-issue-glossen-36-2013\/autoren-glossen-36-2013glossen-36-2013\">Glossen 36: Autoren<\/a><\/p>\n","protected":false},"excerpt":{"rendered":"<p>Lyrik Klaus Rainer Goll: Hinter der Grenze Ralph Gr\u00fcneberger: Drei Amerika-Gedichte Salli Sallmann Michael Speier Prosa Klaus Rainer Goll: Tagebuch einer Reise aufs Fischland \u2014 Ausz\u00fcge Frederick Lubich: Bis ans Ende der Welt: Von der Heidelberger Dichterrunde \u00fcber das Berliner Caf\u00e9 Einstein in die Todesfalle von Timbuktu Artikel Christine Cosentino: Volker Brauns Erz\u00e4hlung Die hellen [&hellip;]<\/p>\n","protected":false},"author":394,"featured_media":0,"parent":119,"menu_order":0,"comment_status":"open","ping_status":"closed","template":"","meta":{"footnotes":""},"class_list":["post-3092","page","type-page","status-publish","hentry"],"_links":{"self":[{"href":"https:\/\/blogs.dickinson.edu\/glossen\/wp-json\/wp\/v2\/pages\/3092","targetHints":{"allow":["GET"]}}],"collection":[{"href":"https:\/\/blogs.dickinson.edu\/glossen\/wp-json\/wp\/v2\/pages"}],"about":[{"href":"https:\/\/blogs.dickinson.edu\/glossen\/wp-json\/wp\/v2\/types\/page"}],"author":[{"embeddable":true,"href":"https:\/\/blogs.dickinson.edu\/glossen\/wp-json\/wp\/v2\/users\/394"}],"replies":[{"embeddable":true,"href":"https:\/\/blogs.dickinson.edu\/glossen\/wp-json\/wp\/v2\/comments?post=3092"}],"version-history":[{"count":0,"href":"https:\/\/blogs.dickinson.edu\/glossen\/wp-json\/wp\/v2\/pages\/3092\/revisions"}],"up":[{"embeddable":true,"href":"https:\/\/blogs.dickinson.edu\/glossen\/wp-json\/wp\/v2\/pages\/119"}],"wp:attachment":[{"href":"https:\/\/blogs.dickinson.edu\/glossen\/wp-json\/wp\/v2\/media?parent=3092"}],"curies":[{"name":"wp","href":"https:\/\/api.w.org\/{rel}","templated":true}]}}