{"id":5577,"date":"2017-12-23T06:39:10","date_gmt":"2017-12-23T11:39:10","guid":{"rendered":"http:\/\/blogs.dickinson.edu\/glossen\/?page_id=5577"},"modified":"2017-12-29T14:45:47","modified_gmt":"2017-12-29T19:45:47","slug":"ein-mauerlied","status":"publish","type":"page","link":"https:\/\/blogs.dickinson.edu\/glossen\/archive\/glossen-43-2017-current-issue\/ein-mauerlied\/","title":{"rendered":"Ein Mauerlied"},"content":{"rendered":"<p>von <strong>Angela Scarlis<\/strong><\/p>\n<p style=\"text-align: center\"><em>Auf der Mauer, auf der Lauer,<br \/>\n<\/em><em>sitzt &#8216;ne kleine Wanze,<br \/>\n<\/em><em>schaut euch nur die Mauer an,<br \/>\n<\/em><em>wo die Wanze tanzen kann.<br \/>\n<\/em><em>Auf der Mauer, auf der Lauer<br \/>\n<\/em><em>sitzt &#8216;ne kleine Wanze.<\/em><\/p>\n<p style=\"text-align: center\">\u00a0 \u00a0 \u00a0 \u00a0 \u00a0 \u00a0 \u00a0 \u00a0 \u00a0 \u00a0 \u00a0 \u00a0 \u00a0 \u00a0 \u00a0 \u00a0 \u00a0 \u00a0 \u00a0 \u00a0 \u00a0 \u00a0 \u00a0 \u00a0 \u00a0 \u00a0Lotte von Winkestein<\/p>\n<p style=\"text-align: center\">&#8230;&#8230;.<\/p>\n<p style=\"text-align: center\">Ihr habt es mir befohlen, es ist erbaulich,<br \/>\neine Mauer zu glossieren, anzuschauen.<br \/>\nIch muss euch sagen, es ist erstaunlich,<br \/>\nwas ich sehe. La\u00dft es euch anvertrauen.<\/p>\n<p style=\"text-align: center\">&#8230;&#8230;.<\/p>\n<p style=\"text-align: center\"><em>Auf der Mauer, auf der Lauer<\/em><\/p>\n<p style=\"text-align: center\">Stolz ist man auf die Mauer &#8211; doch wer sieht,<br \/>\nwohin sie streben, die himmelhohen T\u00fcrmelein.<br \/>\nIm Graben balgt sich derweil so manches W\u00fcrmelein,<br \/>\n\u00e4ngstigt sich um sein Leben unter der Sonne hei\u00df.<br \/>\nSt\u00fcrmer im Spiele necken sich, trumpfen auf und wetten.<br \/>\nDer Ober sticht den Unter, das wei\u00df jeder &#8211; auch die Netten.<br \/>\nHerren auf die Damen mit blondem Haar und Ku\u00dfmundcharme,<br \/>\nmanch zartes F\u00fc\u00dfchen tritt ins N\u00e4pfchen. Voll Fett &#8211; Gott erbarm&#8217;!<br \/>\nWer ein echter Hengst ist, lieb\u00e4ugelt mit den Damen der l\u00fcstren K\u00fcnste,<br \/>\ntollt sich, rollt sich voll des Eifers in den br\u00fcnstig verf\u00fchrerischen D\u00fcnsten.<\/p>\n<p style=\"text-align: center\"><em>sitzt &#8216;ne kleine Wanze<\/em><\/p>\n<p style=\"text-align: center\">Wer schreitet k\u00fchn mit schnellem Schritt zur B\u00fchne?<br \/>\nEin k\u00f6nigsgleicher H\u00fchne im Rampenlicht ganz ohne M\u00fche.<br \/>\nSonnengelb flimmert im Abendrot sein gl\u00e4nzendes Haar;<br \/>\ner gr\u00fc\u00dft sich selbst in der jubelnd aufgew\u00fchlten Schar &#8211; f\u00fcrwahr.<br \/>\nSophokles, der Helden-Dichter, kommt leider nicht fl\u00fcsternd vorbei,<br \/>\ndem dreisten Unterhalter b\u00fchnenreife Worte in den Mund zu legen.<br \/>\nVerwegen wie ein freches Kind dr\u00fcckt er sich rotzig aus &#8211; und legt sein Ei.<br \/>\nTrotzig schlie\u00dft er schmollend den Mund, bl\u00e4st auf die dicken Backen.<br \/>\nZum Scherz schl\u00e4gt er zusammen &#8211; Fu\u00df an Fu\u00df &#8211; seine Hacken.<br \/>\nSpielt da einer den Clown? Hau den Lukas, schreit der Degen.<em>\u00a0<\/em><\/p>\n<p style=\"text-align: center\"><em>schaut euch nur die Mauer an<\/em><\/p>\n<p style=\"text-align: center\">Trumpeltiere wuselig wie Hunde der Pr\u00e4rie scharen<br \/>\nsich auf weichem Pl\u00fcsch, auf feinen Seidenstoffen<br \/>\nmit schwindelresistenten, fetten Rattenpaaren<br \/>\nums Kitzelkarussell. Sie jaulen, johlen wie besoffen.<br \/>\nDie Wanze staunt, erfreut sich des Gemetzels Hitze,<br \/>\nerlaubt sich zwischendurch ein Mahl mit etwas Blut.<br \/>\nDerweil der Rumpelk\u00f6nig tanzt besessen um die hei\u00dfe Glut.<br \/>\nEin Mauerbl\u00fcmchen reckt sein K\u00f6pfchen aus der Ritze<br \/>\nund sucht verzweifelt nach dem Edelmann f\u00fcr die Mamsell,<br \/>\ndamit sie ungest\u00f6rt dem Laster fr\u00f6nen k\u00f6nnen &#8211; im Rosenrondell.<\/p>\n<p style=\"text-align: center\"><em>wo die Wanze tanzen kann<\/em><\/p>\n<p style=\"text-align: center\">Mit und ohne Ranzen schlagen Klein und Gro\u00df sich \u00fcber Stock und Stein,<br \/>\ntreu befahnt im Sturm mit Sternen, schwarz gewichstem Leder um das Bein.<br \/>\nMit Gitarre um den Hals besingt so mancher seine Lorelei. Keiner legt sich jetzt zur Ruh.<br \/>\nAus dunklen L\u00f6chern z\u00fcngelt h\u00f6llisch&#8217; Lachen, welch ein Knurren, dauernd Murren;<br \/>\ndie Uhren an den dunklen Mauerw\u00e4nden h\u00f6ren niemals auf zu surren.<br \/>\nWeit ist der Weg nach verlorener Schlacht um das sch\u00f6nste Hundekissen.<br \/>\nSchaut hin, wie sie alle tanzen um das schwangere K\u00e4ngeruh,<br \/>\nwie es h\u00fcpft, sich juckt und zuckt, wo die Wanze einst gebissen.<br \/>\nKeine Mauer ist zu hoch f\u00fcr blaue Bl\u00fcmchen &#8211; sogar in diesem Land,<br \/>\njeder k\u00f6nnt&#8217; sie pfl\u00fccken mit Entz\u00fccken, obgleich von fernem Strand.<\/p>\n<p style=\"text-align: center\"><em>Auf der Mauer, auf der Lauer,<br \/>\n<\/em><em>sitzt &#8216;ne kleine Wanze.<\/em><\/p>\n","protected":false},"excerpt":{"rendered":"<p>von Angela Scarlis Auf der Mauer, auf der Lauer, sitzt &#8216;ne kleine Wanze, schaut euch nur die Mauer an, wo die Wanze tanzen kann. Auf der Mauer, auf der Lauer sitzt &#8216;ne kleine Wanze. \u00a0 \u00a0 \u00a0 \u00a0 \u00a0 \u00a0 \u00a0 \u00a0 \u00a0 \u00a0 \u00a0 \u00a0 \u00a0 \u00a0 \u00a0 \u00a0 \u00a0 \u00a0 \u00a0 \u00a0 \u00a0 [&hellip;]<\/p>\n","protected":false},"author":282,"featured_media":0,"parent":5496,"menu_order":0,"comment_status":"closed","ping_status":"closed","template":"","meta":{"footnotes":""},"class_list":["post-5577","page","type-page","status-publish","hentry"],"_links":{"self":[{"href":"https:\/\/blogs.dickinson.edu\/glossen\/wp-json\/wp\/v2\/pages\/5577","targetHints":{"allow":["GET"]}}],"collection":[{"href":"https:\/\/blogs.dickinson.edu\/glossen\/wp-json\/wp\/v2\/pages"}],"about":[{"href":"https:\/\/blogs.dickinson.edu\/glossen\/wp-json\/wp\/v2\/types\/page"}],"author":[{"embeddable":true,"href":"https:\/\/blogs.dickinson.edu\/glossen\/wp-json\/wp\/v2\/users\/282"}],"replies":[{"embeddable":true,"href":"https:\/\/blogs.dickinson.edu\/glossen\/wp-json\/wp\/v2\/comments?post=5577"}],"version-history":[{"count":0,"href":"https:\/\/blogs.dickinson.edu\/glossen\/wp-json\/wp\/v2\/pages\/5577\/revisions"}],"up":[{"embeddable":true,"href":"https:\/\/blogs.dickinson.edu\/glossen\/wp-json\/wp\/v2\/pages\/5496"}],"wp:attachment":[{"href":"https:\/\/blogs.dickinson.edu\/glossen\/wp-json\/wp\/v2\/media?parent=5577"}],"curies":[{"name":"wp","href":"https:\/\/api.w.org\/{rel}","templated":true}]}}