{"id":5912,"date":"2019-01-01T08:11:15","date_gmt":"2019-01-01T13:11:15","guid":{"rendered":"http:\/\/blogs.dickinson.edu\/glossen\/?page_id=5912"},"modified":"2019-02-04T00:15:54","modified_gmt":"2019-02-04T05:15:54","slug":"endlich-der-fruhling-kommt","status":"publish","type":"page","link":"https:\/\/blogs.dickinson.edu\/glossen\/archive\/glossen-44-2019-current-issue\/endlich-der-fruhling-kommt\/","title":{"rendered":"Endlich &#8212; Der Fr\u00fchling kommt"},"content":{"rendered":"<p>von <strong>Gerald Uhlig-Romero<\/strong><\/p>\n<p>Ich bin so widerspr\u00fcchlich wie die Wirklichkeit, dieses heillose Geflecht aus allem, das zum Nichts wird. Und wie ist das Meinungswetter heute? Ein Hoch, ein Tief? Meine Meinung habe ich zur Reinigung gegeben. Wir sind die Wesen der Chemie und wer seine \u00c4ngste beiseite schiebt, wird immer \u00e4ngstlicher.<\/p>\n<p>Die Wege im Leben sind so zahlreich wie die Einbahnstra\u00dfen, Schnellstra\u00dfen, Ackerwege. Auch aus spitzen Steinen kann man seine Lebensstra\u00dfe bauen. Ansonsten ist viel los auf unserer Erde. W\u00e4hrend der eine einatmet, der andere ein Lob auf Bl\u00e4tter schreibt, da w\u00e4chst ein anderer und um die Ecke\u00a0 stirbt ein Mensch. Mein Opa war noch Kannibale, ich bin schon Veganer! J\u00e4h! In unserer Vergesslichkeit schieben wir die Zeitgeschichte in der Gegend rum, wie die Natur die Kontinente. Und zu den Idealen der Freiheit kann ich nur sagen: Freiheit ist, wenn man sich seine Abh\u00e4ngigkeiten selbst aussuchen kann! Oder ganz direkt: Freiheit ist der Abstand zwischen J\u00e4ger und Gejagtem!<\/p>\n<p>Das Ger\u00fcst f\u00fcr unser Gl\u00fcck setzt sich aus den Momenten zusammen, in denen wir guter Laune sind. Das bedeutet, dass wir genug Best\u00e4tigung und Anerkennung erhalten haben.<\/p>\n<p>Der Tod ist schon beim Urknall und bei der Geburt in uns angelegt. Er reift in unserer Seele und in unseren K\u00f6rpern wie Orangen. Shakespeare erz\u00e4hlt eine Menge dar\u00fcber in seinem Theater. Wir sind br\u00fcchige Gestalten zerspringen leicht und trotzdem ist Schw\u00e4che nur etwas f\u00fcr Verlierer.<\/p>\n<p>F\u00fcr die vielen jungen Leute sieht das Hamsterrad von innen aus wie eine Karriereleiter, sie sehen eben nur die Sprossen.<\/p>\n<p>Dauernd sind wir alle mit der Spielart des Erfolgs besch\u00e4ftigt, als k\u00f6nnten wir \u00fcber unsere Dummheit hinwegt\u00e4uschen. Da aber nur wenige wirklich erfolgreich sind, werden die Leute im Nacheifern zu hysterischen Dauererhitzern, die sich in ihren Wirklichkeiten st\u00e4ndig herunter k\u00fchlen m\u00fcssen. Jeder von uns Menschen ist immer auch ein Botschafter der Unvollkommenheit, der Sinnlosigkeit, und des einfachen und bequemen Denkens.\u00a0 Und Vorsicht: die Gefahr ist gro\u00df, dass man sich w\u00e4hrend seines Lebens verloren geht.<\/p>\n<p>Und dann noch dieser Bl\u00f6dsinn der Einteilung in \u201erechts\u201c und \u201elinks\u201c. Vielleicht\u00a0 ist das f\u00fcr manche bequem das Leben zu ordnen, aber die Dichter wissen: So geht es nicht! Keinen Millimeter kommt die Menschheit voran, wenn sie sich dieser geistigen Raumaufteilung unterwirft.<\/p>\n<p>Jeder Mensch wird erst durch die anderen Menschen erschaffen, aber keine Sorge, Identit\u00e4t ist nicht stabil, nichts ist stabil. Identit\u00e4t ist etwas Fl\u00fcssiges. Man hat oft mehrere Identit\u00e4ten zur selben Zeit. Du musst dein Selbst immer wieder mit dir selbst und deiner Umwelt aushandeln, aber gib von vornherein immer eine Menge mehr Selbstwert dazu, als da ist. Du wirst ihn brauchen. Ein gro\u00dfes Gl\u00fcck geh\u00f6rt all denen, die Menschen um sich herum hatten, die zur richtigen Zeit an sie glaubten.<\/p>\n<p>Unsre Gedanken entstehen h\u00e4ufig w\u00e4hrend des Sprechens und bist du intelligent, dann hast du die M\u00f6glichkeit besser zu l\u00fcgen als die anderen.<\/p>\n<p>Eine D\u00fcrre war in ihrem Leben ausgebrochen.<\/p>\n<p>Die Gl\u00fcckserwartungen des Anfangs sind nicht aufgegangen.Das Zusammenleben ist innerlich leer geworden. H\u00e4ufig krachen Beziehung auseinander durch \u00fcberzogene Erwartungen.<\/p>\n<p>Sie muss Ihrem Mann und der Familie nach vielen Jahren gestehen dass sie raucht&#8230; komisch, dass ihr nie was bemerkt habt\u2026. wer von euch schaut den anderen eigentlich wirklich noch an! Also entweder rauche ich oder ich stopfe mich mit S\u00fc\u00dfigkeiten voll&#8230; ich glaube, ich hab mich f\u00fcrs Richtige entschieden. So sitzen wir an unseren Familientischen, die mit der Zeit zu OP Tischen werden, zu Verh\u00f6rtischen, zu Tischen in einem Restaurant. Hey Baby gib mir deine Lebenszeit, ich habe meine v\u00f6llig verplempert. Ich kann viel mehr damit anfangen als du! Was bleibt, ist diese Wut. Hei\u00dfe oder kalte!<\/p>\n<p>&nbsp;<\/p>\n<p>Epilog:Leben ist beseelte Chemie\u2026\u2026.<\/p>\n","protected":false},"excerpt":{"rendered":"<p>von Gerald Uhlig-Romero Ich bin so widerspr\u00fcchlich wie die Wirklichkeit, dieses heillose Geflecht aus allem, das zum Nichts wird. Und wie ist das Meinungswetter heute? Ein Hoch, ein Tief? Meine Meinung habe ich zur Reinigung gegeben. Wir sind die Wesen der Chemie und wer seine \u00c4ngste beiseite schiebt, wird immer \u00e4ngstlicher. Die Wege im Leben [&hellip;]<\/p>\n","protected":false},"author":282,"featured_media":0,"parent":5902,"menu_order":0,"comment_status":"closed","ping_status":"closed","template":"","meta":{"footnotes":""},"class_list":["post-5912","page","type-page","status-publish","hentry"],"_links":{"self":[{"href":"https:\/\/blogs.dickinson.edu\/glossen\/wp-json\/wp\/v2\/pages\/5912","targetHints":{"allow":["GET"]}}],"collection":[{"href":"https:\/\/blogs.dickinson.edu\/glossen\/wp-json\/wp\/v2\/pages"}],"about":[{"href":"https:\/\/blogs.dickinson.edu\/glossen\/wp-json\/wp\/v2\/types\/page"}],"author":[{"embeddable":true,"href":"https:\/\/blogs.dickinson.edu\/glossen\/wp-json\/wp\/v2\/users\/282"}],"replies":[{"embeddable":true,"href":"https:\/\/blogs.dickinson.edu\/glossen\/wp-json\/wp\/v2\/comments?post=5912"}],"version-history":[{"count":0,"href":"https:\/\/blogs.dickinson.edu\/glossen\/wp-json\/wp\/v2\/pages\/5912\/revisions"}],"up":[{"embeddable":true,"href":"https:\/\/blogs.dickinson.edu\/glossen\/wp-json\/wp\/v2\/pages\/5902"}],"wp:attachment":[{"href":"https:\/\/blogs.dickinson.edu\/glossen\/wp-json\/wp\/v2\/media?parent=5912"}],"curies":[{"name":"wp","href":"https:\/\/api.w.org\/{rel}","templated":true}]}}