{"id":7181,"date":"2020-12-23T13:18:47","date_gmt":"2020-12-23T18:18:47","guid":{"rendered":"http:\/\/blogs.dickinson.edu\/glossen\/?page_id=7181"},"modified":"2020-12-27T13:42:31","modified_gmt":"2020-12-27T18:42:31","slug":"vi-in-memoriam-david-bathrick","status":"publish","type":"page","link":"https:\/\/blogs.dickinson.edu\/glossen\/home-2\/glossen-46-2020-current-issue\/vi-in-memoriam-david-bathrick\/","title":{"rendered":"VI: In Memoriam David Bathrick"},"content":{"rendered":"<h1 style=\"text-align: center;\"><strong>In Memoriam David Bathrick<\/strong><\/h1>\n<p>&nbsp;<\/p>\n<h3 style=\"text-align: center;\">Janine Ludwig, Dickinson College, Universit\u00e4t Bremen<\/h3>\n<p>&nbsp;<\/p>\n<h3 style=\"text-align: center;\">Im Namen der <a href=\"https:\/\/www.internationale-heiner-mueller-gesellschaft.de\/\">Internationalen Heiner-M\u00fcller-Gesellschaft<\/a><\/h3>\n<h3 style=\"text-align: center;\">und des <a href=\"https:\/\/www.deutschlandstudien.uni-bremen.de\/\">IfkuD<\/a> Bremen<\/h3>\n<p>&nbsp;<\/p>\n<table style=\"border-collapse: collapse; width: 100%;\">\n<tbody>\n<tr>\n<td style=\"width: 15.4762%;\"><\/td>\n<td style=\"width: 71.1579%;\"><a href=\"http:\/\/blogs.dickinson.edu\/glossen\/files\/2020\/12\/59_bild-david-bathrick.jpg\"><img loading=\"lazy\" decoding=\"async\" class=\"aligncenter wp-image-7183\" src=\"http:\/\/blogs.dickinson.edu\/glossen\/files\/2020\/12\/59_bild-david-bathrick-225x300.jpg\" alt=\"\" width=\"393\" height=\"524\" srcset=\"https:\/\/blogs.dickinson.edu\/glossen\/files\/2020\/12\/59_bild-david-bathrick-225x300.jpg 225w, https:\/\/blogs.dickinson.edu\/glossen\/files\/2020\/12\/59_bild-david-bathrick.jpg 335w\" sizes=\"auto, (max-width: 393px) 100vw, 393px\" \/><\/a><\/td>\n<td style=\"width: 13.3658%;\"><\/td>\n<\/tr>\n<\/tbody>\n<\/table>\n<p>&nbsp;<\/p>\n<p style=\"text-align: justify;\">Am 30. April 2020 verstarb David Bathrick in Bremen. Seine Freunde und Kollegen trauern um einen gro\u00dfen Wissenschaftler und einen liebensw\u00fcrdigen und humorvollen Menschen.<\/p>\n<p style=\"text-align: justify;\">David Bathrick war Jacob Gould Schurman Emeritus Professor of Theater, Film &amp; Dance and German Studies an der Cornell University in Ithaca, NY. 1936 geboren, studierte er Geschichte, Theaterwissenschaft und Germanistik an den Universit\u00e4ten Dartmouth, FU Berlin, LMU und University of Chicago. 1970 schloss er seine Dissertation \u00fcber den jungen Bertolt Brecht ab und war von 1970-1987 Professor of German an der University of Wisconsin-Madison; seit 1987 Professor of German Studies, Jewish Studies und Theater, Film und Tanz an der Cornell University. Er hielt mehrere Gastprofessoren in den USA (u.a. Harvard University und UCLA) und in Deutschland (FU und Humboldt-Universit\u00e4t). Zudem war er seit 1973 Mitbegr\u00fcnder und -herausgeber der amerikanischen Film- und Kulturzeitschrift New German Critique (NGC) und 1989 einer der Initiatoren des <a href=\"https:\/\/www.deutschlandstudien.uni-bremen.de\/\">Instituts f\u00fcr kulturwissenschaftliche Deutschlandstudien (IfkuD)<\/a> an der Universit\u00e4t Bremen.<\/p>\n<p style=\"text-align: justify;\">David Bathrick war ein langj\u00e4hriger Weggef\u00e4hrte Heiner M\u00fcllers, den er bereits in den 1970er-Jahren in den USA kennengelernt hatte, und geh\u00f6rte zu den ersten amerikanischen Germanisten \u00fcberhaupt, die \u00fcber dessen Werk forschten und publizierten. Er war wesentlich daran beteiligt, die vollst\u00e4ndige Sammlung der\u00a0<a href=\"https:\/\/kluge.library.cornell.edu\/de\/conversations\/mueller\">M\u00fcller-Kluge-Interviews auf der Webseite der Cornell University<\/a> zu publizieren.\u00a0 Obwohl er in letzter Zeit nicht mehr an den Treffen und Veranstaltungen der <a href=\"https:\/\/www.internationale-heiner-mueller-gesellschaft.de\/\">IHMG<\/a> teilnehmen konnte, verfolgte er deren Entwicklungen mit gro\u00dfem Interesse.<\/p>\n<p style=\"text-align: justify;\">David lebte seit seiner Emeritierung mit seiner Frau in Bremen. Man konnte ihn dort in seiner Lieblingstrattoria auf einen Plausch treffen. Wo ist die Zeit nur hin? War es nicht erst gestern, dass wir in seinen Stasiakten und FBI-Files gest\u00f6bert hatten? Die Stasi hatte ihn ausspioniert, weil er sich 1982 bei seinem Austauschjahr an der Humboldt-Universit\u00e4t mit ostdeutschen Germanisten und K\u00fcnstlern angefreundet hatte und seitdem immer wieder die DDR besuchte. Auf den ca. 240 Seiten wird er mit Codenamen \u201eDiabolo\u201c genannt, obwohl er ganz und gar nichts Teuflisches an sich hatte. Man hielt ihn wirklich f\u00fcr einen Spion, da sein Schwiegervater bei der CIA war. Oder aber, falls er wirklich nur ein Neomarxist der New Left war, w\u00e4re das fast genauso schlimm. Da war man sich ausnahmsweise mal einig mit dem Klassenfeind, der ihn aus diesem Grund ebenfalls observierte, wie seine FBI-Files belegen.<\/p>\n<p style=\"text-align: justify;\">Was haben wir uns kaputtgelacht \u00fcber diese grotesken Spekulationen. Es schmerzt, dies in Zukunft nicht mehr tun zu k\u00f6nnen.<\/p>\n<p>&nbsp;<\/p>\n<p>Weitere Nachrufe:<\/p>\n<p><a href=\"https:\/\/read.dukeupress.edu\/new-german-critique\/article\/47\/3%20(141)\/iii\/167199\/In-Memoriam-David-Bathrick\">https:\/\/read.dukeupress.edu\/new-german-critique\/article\/47\/3%20(141)\/iii\/167199\/In-Memoriam-David-Bathrick<\/a><\/p>\n<p style=\"text-align: justify;\"><a href=\"https:\/\/www.deutschlandstudien.uni-bremen.de\/\">https:\/\/www.deutschlandstudien.uni-bremen.de\/<\/a><\/p>\n<p style=\"text-align: justify;\"><a href=\"https:\/\/news.cornell.edu\/stories\/2007\/11\/professor-david-bathrick-aka-diablo-retires-germany\">https:\/\/news.cornell.edu\/stories\/2007\/11\/professor-david-bathrick-aka-diablo-retires-germany<\/a><\/p>\n<p style=\"text-align: justify;\"><a href=\"https:\/\/news.cornell.edu\/stories\/2020\/05\/professor-emeritus-david-bathrick-dies-germany-84\">https:\/\/news.cornell.edu\/stories\/2020\/05\/professor-emeritus-david-bathrick-dies-germany-84<\/a><\/p>\n<p style=\"text-align: justify;\">\n","protected":false},"excerpt":{"rendered":"<p>In Memoriam David Bathrick &nbsp; Janine Ludwig, Dickinson College, Universit\u00e4t Bremen &nbsp; Im Namen der Internationalen Heiner-M\u00fcller-Gesellschaft und des IfkuD Bremen &nbsp; &nbsp; Am 30. April 2020 verstarb David Bathrick in Bremen. Seine Freunde und Kollegen trauern um einen gro\u00dfen Wissenschaftler und einen liebensw\u00fcrdigen und humorvollen Menschen. David Bathrick war Jacob Gould Schurman Emeritus Professor [&hellip;]<\/p>\n","protected":false},"author":4340,"featured_media":0,"parent":6974,"menu_order":0,"comment_status":"closed","ping_status":"closed","template":"","meta":{"footnotes":""},"class_list":["post-7181","page","type-page","status-publish","hentry"],"_links":{"self":[{"href":"https:\/\/blogs.dickinson.edu\/glossen\/wp-json\/wp\/v2\/pages\/7181","targetHints":{"allow":["GET"]}}],"collection":[{"href":"https:\/\/blogs.dickinson.edu\/glossen\/wp-json\/wp\/v2\/pages"}],"about":[{"href":"https:\/\/blogs.dickinson.edu\/glossen\/wp-json\/wp\/v2\/types\/page"}],"author":[{"embeddable":true,"href":"https:\/\/blogs.dickinson.edu\/glossen\/wp-json\/wp\/v2\/users\/4340"}],"replies":[{"embeddable":true,"href":"https:\/\/blogs.dickinson.edu\/glossen\/wp-json\/wp\/v2\/comments?post=7181"}],"version-history":[{"count":0,"href":"https:\/\/blogs.dickinson.edu\/glossen\/wp-json\/wp\/v2\/pages\/7181\/revisions"}],"up":[{"embeddable":true,"href":"https:\/\/blogs.dickinson.edu\/glossen\/wp-json\/wp\/v2\/pages\/6974"}],"wp:attachment":[{"href":"https:\/\/blogs.dickinson.edu\/glossen\/wp-json\/wp\/v2\/media?parent=7181"}],"curies":[{"name":"wp","href":"https:\/\/api.w.org\/{rel}","templated":true}]}}