{"id":105,"date":"2017-05-08T20:12:08","date_gmt":"2017-05-08T20:12:08","guid":{"rendered":"http:\/\/blogs.dickinson.edu\/helwegm\/?page_id=105"},"modified":"2024-03-05T12:23:47","modified_gmt":"2024-03-05T17:23:47","slug":"newspapers-and-magazines","status":"publish","type":"page","link":"https:\/\/blogs.dickinson.edu\/helwegm\/newspapers-and-magazines\/","title":{"rendered":"Newspapers and Magazines"},"content":{"rendered":"<p>&#8220;International forsker er ikke i tvivl: Danske m\u00e6nd er bl\u00f8de som sm\u00f8r&#8221; [International researcher is not in doubt: Danish men are soft as butter]. <a href=\"https:\/\/blogs.dickinson.edu\/helwegm\/files\/2024\/03\/International-forsker-er-ikke-i-tvivl_-Danske-maend-er-blode-som-smor-\u2013-og-det-skal-vi-vaere-glade-for.pdf\">Berlingske<\/a>, February 18, 2024. Interview in a Danish newspaper describing research on differences between Danish and US masculinity.<\/p>\n<p>&#8220;Darker days are coming. Don&#8217;t let them get you down&#8221;. Quoted about learning from the Danes how to cope. <a href=\"https:\/\/www.wsj.com\/articles\/darker-days-are-coming-dont-let-them-get-you-down-11668390662\">The Wall Street Journal.<\/a> November 14, 2022.<\/p>\n<p>\u201cForget Hygge! Pyt Is the New Scandinavian Motto for Happiness and Contentment.\u201d Cited in a\u00a0<em><a href=\"https:\/\/www.msn.com\/de-de\/lifestyle\/leben\/vergesst-hygge-im-herbst-2022-ist-pyt-das-neue-lebensmotto-aus-skandinavien-f%C3%BCr-gl%C3%BCck-und-zufriedenheit\/ar-AA11y5er?li=BBqg6Q8&amp;srcref=rss&amp;cvid=e09d69eb38a94d5db80f2cef0cd82c4d#image=1\">Glamour Germany<\/a>, <\/em>Fall, 2022.<\/p>\n<p>\u201cWhy the Danish art of \u2018pyt\u2019 could be your cure to post-pandemic anxiety\u201d. <a href=\"https:\/\/blogs.dickinson.edu\/helwegm\/files\/2021\/10\/Vogue-Scandinavia-Why-the-Danish-art-of-pyt-could-be-your-cure-to-post-pandemic-anxiety.pdf\">Vogue Scandinavia<\/a>. October 16, 2021.<\/p>\n<p>\u201cStruggling to assess pandemic risks? You\u2019re not alone.\u201d <a href=\"https:\/\/www.nationalgeographic.com\/science\/article\/struggling-to-assess-pandemic-risks-youre-not-alone\">National Geographic<\/a><em>, <\/em>July 30, 2021. Interview about why we are bad at assessing our COVID-19 vaccine risk and what do to about it.<\/p>\n<p>In this article from <a href=\"https:\/\/bottomlineinc.com\/life\/personal-care\/why-were-bad-at-assessing-risk\" rel=\"attachment wp-att-548\">Bottom Line Personal<\/a>\u00a0Prof. Helweg-Larsen explains why &#8220;Why We\u2019re Bad at Assessing Risk and How to Make Better Decisions.&#8221; Published May 15, 2021.<\/p>\n<p>Prof. Helweg-Larsen quoted in &#8220;The hard work of going away for a long, long time.&#8221; <a href=\"http:\/\/blogs.dickinson.edu\/helwegm\/files\/2021\/01\/HL_The-hard-work-of-going-away-for-a-long-long-time-The-Washington-Post.pdf\" target=\"_blank\" rel=\"noopener noreferrer\">The Washington Post, January 6, 2021.<\/a><\/p>\n<p>Check out the article, &#8220;Deal with it the Danish way&#8221; in which Prof. Helweg-Larsen is quoted about using the Danish word &#8220;pyt&#8221; to deal with stress. <a href=\"http:\/\/blogs.dickinson.edu\/helwegm\/files\/2020\/11\/Pyt_NH_Full.pdf\" target=\"_blank\" rel=\"noopener noreferrer\">Natural Health, October 8, 2020<\/a><\/p>\n<p>Read The Atlanta Journal-Constitution&#8217;s article, &#8220;Airlines say it&#8217;s safe to fly. Travelers are skeptical. Who&#8217;s right?&#8221; in which Prof. Helweg-Larsen is quoted. <a href=\"https:\/\/www.ajc.com\/news\/business\/airlines-say-its-safe-to-fly-travelers-are-skeptical-whos-right\/M54FVDDVIRAFPJJ7DI3OGT3GXE\/\" target=\"_blank\" rel=\"noopener noreferrer\">The Atlanta Journal-Constitution, September 19, 2020<\/a><\/p>\n<p>Prof. Helweg-Larsen shares about what makes nations happy in the article, &#8220;Happiness Museum looks at brighter feelings in uncertain times.&#8221; <a href=\"http:\/\/us.cnn.com\/travel\/article\/happiness-museum-copenhagen-denmark-wellness\/index.html\" target=\"_blank\" rel=\"noopener noreferrer\">CNN, August 27, 2020<\/a><\/p>\n<p>Prof. Helweg-Larsen was interviewed and quoted in a New York Times article, &#8220;The New Rules of Dating.&#8221; <a href=\"https:\/\/www.nytimes.com\/2020\/07\/18\/at-home\/coronavirus-pandemic-dating.html\" target=\"_blank\" rel=\"noopener noreferrer\">The New York Times, July 18, 2020<\/a><\/p>\n<p>Prof. Helweg-Larsen was interviewed for a New York Times article, &#8220;Why You&#8217;re Probably Not So Great at Risk Assessment.&#8221; <a href=\"https:\/\/www.nytimes.com\/2020\/06\/30\/smarter-living\/why-youre-probably-not-so-great-at-risk-assessment.html\" target=\"_blank\" rel=\"noopener noreferrer\">The New York Times, June 30, 2020<\/a><\/p>\n<p>Prof. Helweg-Larsen was interviewed for an article, &#8220;Coronavirus and Optimism Bias: Why Some People are Certain they Won&#8217;t Catch COVID-19&#8221; in a British local newspaper. <a href=\"https:\/\/www.standard.co.uk\/news\/health\/coronavirus-optimism-bias-why-people-think-wont-catch-covid-19-a4384421.html\" target=\"_blank\" rel=\"noopener noreferrer\">London Evening Standard, March 13, 2020<\/a><\/p>\n<p><span lang=\"da\">&#8220;Derfor har is\u00e6r danske rygere s\u00e5 sv\u00e6rt ved at stoppe&#8221;<\/span><span lang=\"da\"> [That\u2019s why Danish smokers have a hard time quitting]. <\/span>An article about Prof. Helweg-Larsen and her research in Berlingske (a Danish national newspaper) in their series &#8220;Danes who Rock the World.&#8221;\u00a0 Berlingske, August 27, 2019. Original <a href=\"https:\/\/blogs.dickinson.edu\/helwegm\/newspapers-and-magazines\/2019-08-27_danes-who-rock-the-world-article_-berlingske-newspaper-2\/\" target=\"_blank\" rel=\"attachment noopener wp-att-354\">Danish. <\/a>Translated to <a href=\"https:\/\/blogs.dickinson.edu\/helwegm\/newspapers-and-magazines\/helweg-larsen_danes-who-rock-the-world_berlingske_englishtranslation\/\" target=\"_blank\" rel=\"attachment noopener wp-att-674\">English.<\/a><\/p>\n<p>Interview about the Danish word <em>Pyt<\/em> in the Argentinian national newspaper <a href=\"https:\/\/www.lanacion.com.ar\/lifestyle\/pyt-palabra-danesa-mundo-necesita-nid2258098\">La Nacion<\/a>, June 15, 2019.<\/p>\n<p>Quoted in article about happiness \u201cChampions du monde!\u201d <a href=\"https:\/\/blogs.dickinson.edu\/helwegm\/files\/2021\/08\/Scandinaves-champions-bonheur-GEOHS78-JPr%C3%A9vost.pdf\">Geo<\/a>, p. 26-27, August, 2018.<\/p>\n<p>Featured Grantee: Marie Helweg-Larsen, <a href=\"https:\/\/staffprofiles.cancer.gov\/brp\/granteeProfile.do?contactId=33026747&amp;name=Marie-Helweg-Larsen&amp;grpId=52814\">National Cancer Institute<\/a>, Behavioral Research Program. 2018.<\/p>\n<p>\u201cThe Real Costs of Smoking.\u201d WalletHub, January 17, 2017<\/p>\n<p>\u201cWhy You\u2019re Always in the Slowest-Moving Line, according to Science.\u201d<em> Men\u2019s Health<\/em>, September 30, 2015.<\/p>\n<p>\u201cMost PPL customers stay put as rates rise.\u201d <em>The Patriot News<\/em>, January 19, 2010.<\/p>\n<p>\u201cDriven to distraction. Cell phones, reading, makeup, keep Portland drivers\u2019 eyes off the road.\u201d<em> The Portland Tribune<\/em>, March 19, 2009.<\/p>\n<p>&#8220;U2 fans queue in mysterious ways.&#8221; <em>The Sunday Times<\/em>, November 16, 2008.<\/p>\n<p>&#8220;Gig-goers guide to the art of queue jumping.&#8221; <em>New Scientist<\/em>, November 6, 2008.<\/p>\n<p>\u201cDickinson professor to study smoking.\u201d <em>The Sentinel<\/em>, Carlisle, PA, August 14, 2008.<\/p>\n<p>\u201cRegion\u2019s smoking rate is among highest in state.\u201d <em>Observer-Dispatch<\/em>, Utica, New York, November 18, 2007.<\/p>\n<p>\u201cDickinson students to assist in study.\u201d <em>The Patriot-News<\/em>, January 23, 2003.<\/p>\n<p>\u201cWhy nobody likes pessimists.\u201d <em>Mindful Things<\/em>, March 8, 2002.<\/p>\n<p>\u201cBaring all.\u201d <em>Allure<\/em> Magazine, August 1998.<\/p>\n<p>\u201cUF Researcher: Erotic Photos Deter Some Women From Breast Self-Exams.\u201d <em>Science Daily, April 16, 1998.<\/em><\/p>\n","protected":false},"excerpt":{"rendered":"<p>&#8220;International forsker er ikke i tvivl: Danske m\u00e6nd er bl\u00f8de som sm\u00f8r&#8221; [International researcher is not in doubt: Danish men are soft as butter]. Berlingske, February 18, 2024. Interview in a Danish newspaper&#8230;<\/p>\n","protected":false},"author":3538,"featured_media":0,"parent":0,"menu_order":0,"comment_status":"closed","ping_status":"closed","template":"","meta":{"footnotes":""},"class_list":["post-105","page","type-page","status-publish","hentry","post"],"_links":{"self":[{"href":"https:\/\/blogs.dickinson.edu\/helwegm\/wp-json\/wp\/v2\/pages\/105","targetHints":{"allow":["GET"]}}],"collection":[{"href":"https:\/\/blogs.dickinson.edu\/helwegm\/wp-json\/wp\/v2\/pages"}],"about":[{"href":"https:\/\/blogs.dickinson.edu\/helwegm\/wp-json\/wp\/v2\/types\/page"}],"author":[{"embeddable":true,"href":"https:\/\/blogs.dickinson.edu\/helwegm\/wp-json\/wp\/v2\/users\/3538"}],"replies":[{"embeddable":true,"href":"https:\/\/blogs.dickinson.edu\/helwegm\/wp-json\/wp\/v2\/comments?post=105"}],"version-history":[{"count":0,"href":"https:\/\/blogs.dickinson.edu\/helwegm\/wp-json\/wp\/v2\/pages\/105\/revisions"}],"wp:attachment":[{"href":"https:\/\/blogs.dickinson.edu\/helwegm\/wp-json\/wp\/v2\/media?parent=105"}],"curies":[{"name":"wp","href":"https:\/\/api.w.org\/{rel}","templated":true}]}}