{"id":141,"date":"2018-04-19T02:20:28","date_gmt":"2018-04-19T02:20:28","guid":{"rendered":"http:\/\/blogs.dickinson.edu\/huarpes-y-agua\/?page_id=141"},"modified":"2018-05-09T14:32:37","modified_gmt":"2018-05-09T18:32:37","slug":"diego-2","status":"publish","type":"page","link":"https:\/\/blogs.dickinson.edu\/huarpes-y-agua\/es\/diego-2\/","title":{"rendered":"Diego"},"content":{"rendered":"<p><span style=\"font-weight: 400\">Diego Barros es el presidente de la comunidad Huarpe, as\u00ed como de las once comunidades de las que su comunidad forma parte. La comunidad presidida por Diego Barros se llama Asunci\u00f3n. \u00a0Cuando nos sentamos juntos, me pregunt\u00f3 lo que me gustar\u00eda saber y yo le dije que quer\u00eda que me contara todo lo que hab\u00eda que saber sobre el agua (o la falta de \u00e9sta) en su comunidad. Durante dos horas, Diego me habl\u00f3 sobre los varios problemas a los que se enfrenta la comunidad incluyendo la p\u00e9rdida de la prosperidad econ\u00f3mica a causa de la sequ\u00eda del r\u00edo y la laguna, los intentos perezosos del gobierno para convencer a la gente de que pod\u00edan poner el ars\u00e9nico en el agua que se filtraba en el agua de los pozos. Asi como tambien la iron\u00eda por parte del gobierno al promover que la gente se lavara las manos y los vegetales cuando no ten\u00edan suficiente agua para tomar. \u00a0La dedicaci\u00f3n de Diego Barros hacia su comunidad es una gran inspiraci\u00f3n, y su conocimiento amplio del tema es realmente impresionante.<\/span><\/p>\n<blockquote><p>\u201cNosotros hoy tenemos un problema grave, muy grave sobre el tema del agua \u2026 A ra\u00edz de la creaci\u00f3n del dique se nos corta el agua durante 15 a\u00f1os, entonces hay una sequ\u00eda muy grande que nos afecta en la producci\u00f3n ganadera y huerta\u201d<\/p><\/blockquote>\n<div class=\"wp-playlist wp-audio-playlist wp-playlist-light\">\n\t\t\t<div class=\"wp-playlist-current-item\"><\/div>\n\t\t<audio controls=\"controls\" preload=\"none\" width=\"607\"\n\t\t\t><\/audio>\n\t<div class=\"wp-playlist-next\"><\/div>\n\t<div class=\"wp-playlist-prev\"><\/div>\n\t<noscript>\n\t<ol>\n\t\t<li><a href='https:\/\/blogs.dickinson.edu\/huarpes-y-agua\/files\/2018\/05\/Diego-2.m4a'>Diego-2<\/a><\/li>\t<\/ol>\n\t<\/noscript>\n\t<script type=\"application\/json\" class=\"wp-playlist-script\">{\"type\":\"audio\",\"tracklist\":false,\"tracknumbers\":true,\"images\":false,\"artists\":false,\"tracks\":[{\"src\":\"https:\/\/blogs.dickinson.edu\/huarpes-y-agua\/files\/2018\/05\/Diego-2.m4a\",\"type\":\"audio\/mpeg\",\"title\":\"\",\"caption\":\"\",\"description\":\"\",\"meta\":{\"length_formatted\":\"1:53:04\"},\"image\":{\"src\":\"https:\/\/blogs.dickinson.edu\/huarpes-y-agua\/wp-includes\/images\/media\/audio.svg\",\"width\":48,\"height\":64},\"thumb\":{\"src\":\"https:\/\/blogs.dickinson.edu\/huarpes-y-agua\/wp-includes\/images\/media\/audio.svg\",\"width\":48,\"height\":64}}]}<\/script>\n<\/div>\n\t\n","protected":false},"excerpt":{"rendered":"<p>Diego Barros es el presidente de la comunidad Huarpe, as\u00ed como de las once comunidades de las que su comunidad forma parte. La comunidad presidida por Diego Barros se llama Asunci\u00f3n. \u00a0Cuando nos sentamos juntos, me pregunt\u00f3 lo que me gustar\u00eda saber y yo le dije que quer\u00eda que me contara todo lo que hab\u00eda [&hellip;]<\/p>\n","protected":false},"author":2601,"featured_media":0,"parent":0,"menu_order":0,"comment_status":"closed","ping_status":"closed","template":"","meta":{"footnotes":""},"class_list":["post-141","page","type-page","status-publish","hentry"],"_links":{"self":[{"href":"https:\/\/blogs.dickinson.edu\/huarpes-y-agua\/wp-json\/wp\/v2\/pages\/141","targetHints":{"allow":["GET"]}}],"collection":[{"href":"https:\/\/blogs.dickinson.edu\/huarpes-y-agua\/wp-json\/wp\/v2\/pages"}],"about":[{"href":"https:\/\/blogs.dickinson.edu\/huarpes-y-agua\/wp-json\/wp\/v2\/types\/page"}],"author":[{"embeddable":true,"href":"https:\/\/blogs.dickinson.edu\/huarpes-y-agua\/wp-json\/wp\/v2\/users\/2601"}],"replies":[{"embeddable":true,"href":"https:\/\/blogs.dickinson.edu\/huarpes-y-agua\/wp-json\/wp\/v2\/comments?post=141"}],"version-history":[{"count":0,"href":"https:\/\/blogs.dickinson.edu\/huarpes-y-agua\/wp-json\/wp\/v2\/pages\/141\/revisions"}],"wp:attachment":[{"href":"https:\/\/blogs.dickinson.edu\/huarpes-y-agua\/wp-json\/wp\/v2\/media?parent=141"}],"curies":[{"name":"wp","href":"https:\/\/api.w.org\/{rel}","templated":true}]}}