{"id":144,"date":"2018-04-19T00:15:13","date_gmt":"2018-04-19T00:15:13","guid":{"rendered":"http:\/\/blogs.dickinson.edu\/huarpes-y-agua\/?page_id=144"},"modified":"2018-05-09T14:36:51","modified_gmt":"2018-05-09T18:36:51","slug":"erica-y-elsa","status":"publish","type":"page","link":"https:\/\/blogs.dickinson.edu\/huarpes-y-agua\/es\/erica-y-elsa\/","title":{"rendered":"Erica y Elsa"},"content":{"rendered":"<p><span style=\"font-weight: 400\">Elsa y Erica son madre e hija. \u00a0Elsa, la madre de Erica, naci\u00f3 en Laguna de Rosario, una de las comunidades Huarpes Lavalle. Debido a un acceso limitado a la educaci\u00f3n, Elsa, como muchas otras personas de su generaci\u00f3n y comunidad solo pudo completar la educaci\u00f3n primaria antes de tener que salir a trabajar. Sin embargo, su hija Erica logr\u00f3 tener acceso a una educaci\u00f3n secundaria e incluso universitaria al mudarse a Mendoza Capital. All\u00ed ella termin\u00f3 la escuela secundaria, asisti\u00f3 a un terciario t\u00e9cnico y en este momento est\u00e1 estudiando en la universidad Comunicaci\u00f3n Social.<\/span><\/p>\n<p><span style=\"font-weight: 400\">Elsa record\u00f3 su vida como artesana en la comunidad y la importancia de las artesan\u00edas de lana y cuero en su comunidad. Habl\u00f3 sobre su vida con sus abuelos de nina, y la inocencia de la infancia durante su \u00e9poca. Erica hablo de modo elocuente sobre la discriminaci\u00f3n sufrida por las personas huarpes y otras comunidades ind\u00edgenas en la Argentina.<\/span><\/p>\n<blockquote><p>\u201cPoder recuperar esa historia que se nos fue quitada mediante libros que fueron hechos por personas que desconoc\u00edan que exist\u00eda el pueblo Huarpe \u2026 Para ellos, si fuera una sociedad de blancos europeos serian felices.\u201d<\/p><\/blockquote>\n<div class=\"wp-playlist wp-audio-playlist wp-playlist-light\">\n\t\t\t<div class=\"wp-playlist-current-item\"><\/div>\n\t\t<audio controls=\"controls\" preload=\"none\" width=\"607\"\n\t\t\t><\/audio>\n\t<div class=\"wp-playlist-next\"><\/div>\n\t<div class=\"wp-playlist-prev\"><\/div>\n\t<noscript>\n\t<ol>\n\t\t<li><a href='https:\/\/blogs.dickinson.edu\/huarpes-y-agua\/files\/2018\/05\/ElsaErica20180111-184107-1.m4a'>ElsaErica20180111-184107-1<\/a><\/li>\t<\/ol>\n\t<\/noscript>\n\t<script type=\"application\/json\" class=\"wp-playlist-script\">{\"type\":\"audio\",\"tracklist\":false,\"tracknumbers\":true,\"images\":false,\"artists\":false,\"tracks\":[{\"src\":\"https:\/\/blogs.dickinson.edu\/huarpes-y-agua\/files\/2018\/05\/ElsaErica20180111-184107-1.m4a\",\"type\":\"audio\/mpeg\",\"title\":\"\",\"caption\":\"\",\"description\":\"\",\"meta\":{\"length_formatted\":\"1:15:35\"},\"image\":{\"src\":\"https:\/\/blogs.dickinson.edu\/huarpes-y-agua\/wp-includes\/images\/media\/audio.svg\",\"width\":48,\"height\":64},\"thumb\":{\"src\":\"https:\/\/blogs.dickinson.edu\/huarpes-y-agua\/wp-includes\/images\/media\/audio.svg\",\"width\":48,\"height\":64}}]}<\/script>\n<\/div>\n\t\n","protected":false},"excerpt":{"rendered":"<p>Elsa y Erica son madre e hija. \u00a0Elsa, la madre de Erica, naci\u00f3 en Laguna de Rosario, una de las comunidades Huarpes Lavalle. Debido a un acceso limitado a la educaci\u00f3n, Elsa, como muchas otras personas de su generaci\u00f3n y comunidad solo pudo completar la educaci\u00f3n primaria antes de tener que salir a trabajar. Sin [&hellip;]<\/p>\n","protected":false},"author":2601,"featured_media":0,"parent":0,"menu_order":0,"comment_status":"closed","ping_status":"closed","template":"","meta":{"footnotes":""},"class_list":["post-144","page","type-page","status-publish","hentry"],"_links":{"self":[{"href":"https:\/\/blogs.dickinson.edu\/huarpes-y-agua\/wp-json\/wp\/v2\/pages\/144","targetHints":{"allow":["GET"]}}],"collection":[{"href":"https:\/\/blogs.dickinson.edu\/huarpes-y-agua\/wp-json\/wp\/v2\/pages"}],"about":[{"href":"https:\/\/blogs.dickinson.edu\/huarpes-y-agua\/wp-json\/wp\/v2\/types\/page"}],"author":[{"embeddable":true,"href":"https:\/\/blogs.dickinson.edu\/huarpes-y-agua\/wp-json\/wp\/v2\/users\/2601"}],"replies":[{"embeddable":true,"href":"https:\/\/blogs.dickinson.edu\/huarpes-y-agua\/wp-json\/wp\/v2\/comments?post=144"}],"version-history":[{"count":0,"href":"https:\/\/blogs.dickinson.edu\/huarpes-y-agua\/wp-json\/wp\/v2\/pages\/144\/revisions"}],"wp:attachment":[{"href":"https:\/\/blogs.dickinson.edu\/huarpes-y-agua\/wp-json\/wp\/v2\/media?parent=144"}],"curies":[{"name":"wp","href":"https:\/\/api.w.org\/{rel}","templated":true}]}}