{"id":172,"date":"2018-04-19T02:48:26","date_gmt":"2018-04-19T02:48:26","guid":{"rendered":"http:\/\/blogs.dickinson.edu\/huarpes-y-agua\/?page_id=172"},"modified":"2018-05-09T13:55:59","modified_gmt":"2018-05-09T17:55:59","slug":"el-agua","status":"publish","type":"page","link":"https:\/\/blogs.dickinson.edu\/huarpes-y-agua\/es\/el-agua\/","title":{"rendered":"El Agua"},"content":{"rendered":"<p><span style=\"font-weight: 400\">La comunidad Huarpe tiene una historia con el agua que es compleja y complicada. Sus antepasados construyeron acequias para la irrigaci\u00f3n usada en cultivaci\u00f3n, antes de que llegaron los colonizadores, que todav\u00eda son utilizados en Mendoza Capital. Los problemas al respecto al agua que se enfrentan la comunidad hoy incluyen la escasez de agua potable y la construcci\u00f3n del Dique Potrerillos que result\u00f3 en la falta de agua en el r\u00edo y la laguna que antes era fundamental en la ganader\u00eda, la agricultura, y la pesca. La falta de agua tambi\u00e9n hab\u00eda generado problemas al respeto al cambio clim\u00e1tico y la p\u00e9rdida de materiales usadas en la artesan\u00eda. A pesar de las iniciativas del gobierno para promover lavando las manos, sigue siendo una falta de acci\u00f3n de mejorar la situaci\u00f3n por parte del gobierno.<\/span><\/p>\n","protected":false},"excerpt":{"rendered":"<p>La comunidad Huarpe tiene una historia con el agua que es compleja y complicada. Sus antepasados construyeron acequias para la irrigaci\u00f3n usada en cultivaci\u00f3n, antes de que llegaron los colonizadores, que todav\u00eda son utilizados en Mendoza Capital. Los problemas al respecto al agua que se enfrentan la comunidad hoy incluyen la escasez de agua potable [&hellip;]<\/p>\n","protected":false},"author":2601,"featured_media":0,"parent":0,"menu_order":0,"comment_status":"closed","ping_status":"closed","template":"","meta":{"footnotes":""},"class_list":["post-172","page","type-page","status-publish","hentry"],"_links":{"self":[{"href":"https:\/\/blogs.dickinson.edu\/huarpes-y-agua\/wp-json\/wp\/v2\/pages\/172","targetHints":{"allow":["GET"]}}],"collection":[{"href":"https:\/\/blogs.dickinson.edu\/huarpes-y-agua\/wp-json\/wp\/v2\/pages"}],"about":[{"href":"https:\/\/blogs.dickinson.edu\/huarpes-y-agua\/wp-json\/wp\/v2\/types\/page"}],"author":[{"embeddable":true,"href":"https:\/\/blogs.dickinson.edu\/huarpes-y-agua\/wp-json\/wp\/v2\/users\/2601"}],"replies":[{"embeddable":true,"href":"https:\/\/blogs.dickinson.edu\/huarpes-y-agua\/wp-json\/wp\/v2\/comments?post=172"}],"version-history":[{"count":0,"href":"https:\/\/blogs.dickinson.edu\/huarpes-y-agua\/wp-json\/wp\/v2\/pages\/172\/revisions"}],"wp:attachment":[{"href":"https:\/\/blogs.dickinson.edu\/huarpes-y-agua\/wp-json\/wp\/v2\/media?parent=172"}],"curies":[{"name":"wp","href":"https:\/\/api.w.org\/{rel}","templated":true}]}}