{"id":17,"date":"2016-08-12T22:30:43","date_gmt":"2016-08-13T02:30:43","guid":{"rendered":"http:\/\/blogs.dickinson.edu\/iglesia\/?page_id=17"},"modified":"2018-04-02T14:42:46","modified_gmt":"2018-04-02T18:42:46","slug":"interviews-with-scholars","status":"publish","type":"page","link":"https:\/\/blogs.dickinson.edu\/iglesia\/interviews-with-scholars\/","title":{"rendered":"Interviews with Scholars"},"content":{"rendered":"<h3>Interview with Iv\u00e1n Jaksi\u0107 about Andr\u00e9s Bello<\/h3>\n<p><iframe loading=\"lazy\" width=\"676\" height=\"380\" src=\"https:\/\/www.youtube.com\/embed\/Q1BeCCTjlvc?feature=oembed\" frameborder=\"0\" allow=\"autoplay; encrypted-media\" allowfullscreen><\/iframe><\/p>\n<h3><\/h3>\n<h3>Interview with Joyce Contreras about Mercedes Mar\u00edn del Solar<\/h3>\n<p><iframe loading=\"lazy\" width=\"676\" height=\"507\" src=\"https:\/\/www.youtube.com\/embed\/tR1m11hu-BU?feature=oembed\" frameborder=\"0\" allow=\"autoplay; encrypted-media\" allowfullscreen><\/iframe><\/p>\n","protected":false},"excerpt":{"rendered":"<p>Interview with Iv\u00e1n Jaksi\u0107 about Andr\u00e9s Bello Interview with Joyce Contreras about Mercedes Mar\u00edn del Solar<\/p>\n","protected":false},"author":847,"featured_media":0,"parent":0,"menu_order":7,"comment_status":"closed","ping_status":"closed","template":"","meta":{"footnotes":""},"class_list":["post-17","page","type-page","status-publish","hentry","post-preview"],"_links":{"self":[{"href":"https:\/\/blogs.dickinson.edu\/iglesia\/wp-json\/wp\/v2\/pages\/17","targetHints":{"allow":["GET"]}}],"collection":[{"href":"https:\/\/blogs.dickinson.edu\/iglesia\/wp-json\/wp\/v2\/pages"}],"about":[{"href":"https:\/\/blogs.dickinson.edu\/iglesia\/wp-json\/wp\/v2\/types\/page"}],"author":[{"embeddable":true,"href":"https:\/\/blogs.dickinson.edu\/iglesia\/wp-json\/wp\/v2\/users\/847"}],"replies":[{"embeddable":true,"href":"https:\/\/blogs.dickinson.edu\/iglesia\/wp-json\/wp\/v2\/comments?post=17"}],"version-history":[{"count":0,"href":"https:\/\/blogs.dickinson.edu\/iglesia\/wp-json\/wp\/v2\/pages\/17\/revisions"}],"wp:attachment":[{"href":"https:\/\/blogs.dickinson.edu\/iglesia\/wp-json\/wp\/v2\/media?parent=17"}],"curies":[{"name":"wp","href":"https:\/\/api.w.org\/{rel}","templated":true}]}}