{"id":14,"date":"2014-07-18T21:13:16","date_gmt":"2014-07-18T21:13:16","guid":{"rendered":"http:\/\/blogs.dickinson.edu\/karlqualls\/?page_id=14"},"modified":"2021-06-07T14:46:04","modified_gmt":"2021-06-07T14:46:04","slug":"about-me","status":"publish","type":"page","link":"https:\/\/blogs.dickinson.edu\/karlqualls\/about-me\/","title":{"rendered":"About Me"},"content":{"rendered":"<p><strong>Karl Qualls,\u00a0Gibbs McKinney Chair in International Education and Professor of History, Dickinson\u00a0 College<\/strong><\/p>\n<p><strong>EDUCATION<\/strong><\/p>\n<p>Ph.D. Georgetown University (1998)<\/p>\n<p>BA University of Missouri\u2011Columbia (1993); Phi Beta Kappa (Most Distinguished Undergraduate, 1992)<\/p>\n<p><strong>SELECTED PUBLICATIONS<\/strong><\/p>\n<ul>\n<li><a href=\"https:\/\/utorontopress.com\/us\/stalin-s-ni-os-2\" target=\"_blank\" rel=\"noopener noreferrer\"><strong><em>Stalin\u2019s Ni\u00f1os: Transforming Spanish Refugees into Soviet Citizens, 1937-1951<\/em> (forthcoming, University of Toronto Press, February 2020)<\/strong><\/a><\/li>\n<li><a href=\"https:\/\/www.cornellpress.cornell.edu\/book\/9780801447624\/from-ruins-to-reconstruction\/#bookTabs=1\"><strong><em>From Ruins to Reconstruction: Urban Identity in Soviet Sevastopol after World War II<\/em><\/strong>\u00a0(Cornell University Press, 2009<\/a>)<\/li>\n<\/ul>\n<p><strong>Articles and Book Chapters<\/strong><\/p>\n<ul>\n<li>\u201cPoliticizing War Memorialization in Soviet and Post-Soviet Sevastopol\u201d in <em>The Memory of the Second World War in Soviet and Post-Soviet Russia<\/em>, ed. David Hoffmann (Routledge, forthcoming 2021).<\/li>\n<li>\u201cDefining the Ideal Soviet Childhood: Reportage about Child Evacuees from Spain as Didactic Literature\u201d in <a href=\"https:\/\/www.cambridge.org\/core\/books\/war-and-childhood-in-the-era-of-the-two-world-wars\/7A2D46A5A42CBD5327CD25AA6E5D5BF7\"><em>More than Victims: War and Childhood in the Age of the World Wars<\/em><\/a>, eds. James Marten and Mischa Honeck (Cambridge: Cambridge University Press, 2019), 71-86.<\/li>\n<li>\u201cFrom Hooligans to Disciplined Students: Displacement, Resettlement, and Role Modeling of Spanish Civil War Children in the Soviet Union, 1937-1951\u201d in Nick Baron, ed., <a href=\"https:\/\/brill.com\/view\/title\/15815?lang=en\"><em>Displaced Children in Russia and Eastern Europe, 1915-1953. Ideologies, Identities, Experiences<\/em><\/a><em>.<\/em>(Leiden: Brill, 2017), 131-154.<\/li>\n<li><a href=\"https:\/\/scholar.dickinson.edu\/cgi\/viewcontent.cgi?article=1603&amp;context=faculty_publications\">De \u2018Ni\u00f1os de la Guerra\u2019 a J\u00f3venes Sovi\u00e9ticos: Educaci\u00f3n, Aculturaci\u00f3n, y Paternalismo, 1939-1945<\/a>\u201d. <em>Cuadernos de Historia Contempor\u00e1nea<\/em> 38 (2016): 77-101.<\/li>\n<li>Manufacturing Local Identification behind the Iron Curtain in Sevastopol, Ukraine after World War II, in <a href=\"https:\/\/www.palgrave.com\/gp\/book\/9781137469373\"><em>Local Memories in a Nationalizing and Globalizing World<\/em><\/a>, Marnix Beyen and Brecht Deseure, eds. (Palgrave, 2014), 94-114.<\/li>\n<li>The Crimean War\u2019s Long Shadow: Urban Biography and the Reconstruction of Sevastopol after World War II\u201d <em>Russian History<\/em>, v. 41, no. 1-2 (2014), 211-223.<\/li>\n<li>\u201cFrom Ni\u00f1os to Soviets?: Raising Spanish Refugee Children in House No. 1, 1937-51\u201d <em>Canadian-American Slavic Studies<\/em>, v. 48, (2014): 288-307.<\/li>\n<li>\u0410\u0433\u0438\u0442\u0438\u0440\u043e\u0432\u0430\u0442\u044a \u0438 \u043e\u043a\u0430\u0437\u044b\u0432\u0430\u0442\u044a \u0443\u0441\u043b\u0443\u0433\u0443: \u043f\u0435\u0440\u0435\u043f\u043b\u0430\u043d\u0438\u0440\u043e\u0432\u043a\u0430 \u0433\u043e\u0440\u043e\u0434\u0430-\u0433\u0435\u0440\u043e\u044f \u0421\u0435\u0432\u0430\u0441\u0442\u043e\u043f\u043e\u043b\u044f, 1944-1953 \u0433\u0433. [To Agitate and to Render Service: Replanning the Hero-City Sevastopol, 1944-1953] (<em>\u041d\u043e\u0432\u0435\u0439\u0448\u0430\u044f<\/em> <em>\u0438\u0441\u0442\u043e\u0440\u0438\u044f<\/em> <em>\u0420\u043e\u0441<\/em><em>c<\/em><em>\u0438\u0438<\/em> [Modern History of Russia], v. 2, 2013). 4403180016765708<\/li>\n<li>\u201c\u0406\u0441\u0442\u043e\u0440\u0456\u044f, \u043c\u0456\u0441\u044c\u043a\u0435 \u043f\u043b\u0430\u043d\u0443\u0432\u0430\u043d\u043d\u044f \u0442\u0430 \u0442\u0432\u043e\u0440\u0435\u043d\u043d\u044f \u043f\u043e\u0432\u043e\u0454\u043d\u043d\u043e\u0433\u043e \u0421\u0435\u0432\u0430\u0441\u0442\u043e\u043f\u043e\u043b\u044f\u201d [History, Urban Planning and the Making of Postwar Sevastopol] <em>\u0421\u0445<\/em><em>i<\/em><em>\u0434<\/em><em>\/<\/em><em>\u0417\u0430\u0445<\/em><em>i<\/em><em>\u0434<\/em> 15 (2011), 111-124.<\/li>\n<li>\u201cWho Makes Local Memories?: The Case of Sevastopol, 1944-2004\u201d in <em>Soviet and Post-Soviet Review<\/em> 38 (2011), 130-148.<\/li>\n<li>\u201c\u0421\u043e\u0437\u0434\u0430\u043d\u0438\u0435 \u0438 \u0440\u0435\u043a\u043e\u043d\u0441\u0442\u0440\u0443\u043a\u0446\u0438\u044f \u043f\u0430\u043c\u044f\u0442\u0438 \u0433\u043e\u0440\u043e\u0434\u0430-\u0433\u0435\u0440\u043e\u044f: \u0421\u0435\u0432\u0430\u0441\u0442\u043e\u043f\u043e\u043b\u044c, 1944\u20132004\u201d in <em>\u041f\u043e\u0437\u0434\u043d\u0438\u0439 \u0421\u0442\u0430\u043b\u0438\u043d\u0438\u0437\u043c \u0438 \u044d\u043f\u043e\u0445\u0430 \u041d.\u0421 \u0425\u0440\u0443\u0449\u0435\u0432\u0430 \u0432 \u0421\u043e\u0432\u0435\u0442\u0441\u043a\u043e\u043c \u0421\u043e\u044e\u0437\u0435<\/em> (St. Petersburg, Russia: St. Petersburg State University, 2010). Extended abstract.<\/li>\n<li>\u201cToday\u2019s Travel through Sevastopol\u2019s Past: Post-communist Continuity in a \u2018Ukrainian\u2019 Cityscape\u201d in John J. Czaplicka, Nida Gelazis and Blair A. Ruble, eds., <a href=\"https:\/\/www.wilsoncenter.org\/book\/cities-after-the-fall-communism-reshaping-cultural-landscapes-and-european-identity\"><em>Cities after the Fall of Communism: Reshaping Cultural Landscapes and European Identity<\/em><\/a> (Johns Hopkins University Press and Woodrow Wilson Center Press, 2009), 167-194.<\/li>\n<li>\u201c\u2018Where Each Stone is History\u2019\u201d: Travel Guides in Sevastopol after World War II in Anne E. Gorsuch and Diane P. Koenker, eds., <a href=\"https:\/\/www.amazon.com\/Turizm-Russian-European-Capitalism-Socialism\/dp\/0801473284?SubscriptionId=AKIAILSHYYTFIVPWUY6Q&amp;tag=duckduckgo-brave-20&amp;linkCode=xm2&amp;camp=2025&amp;creative=165953&amp;creativeASIN=0801473284\"><em>Turizm: The Russian and East European Tourist under Capitalism and Socialism<\/em><\/a> (Cornell, 2006), 163-185.<\/li>\n<li>\u201cWhose History is \u201cOur\u201d History: The Influence of Naval Power in Sevastopol\u2019s Reconstruction, 1944-53\u201d in\u00a0<a href=\"https:\/\/brill.com\/view\/title\/11111?language=en\"><em>Endangered Cities: Military Power and Urban Societies in the Era of the World Wars<\/em><\/a>, Roger Chickering and Marcus Funk, eds. (Boston and Leiden: Brill, 2004), 177-191.<\/li>\n<li>\u201cTwentieth Century Russian Revolutions: The Impact and Limitations of Western Influence\u201d in <a href=\"https:\/\/www.amazon.com\/Russia-Western-Civilization-Historical-Encounters\/dp\/0765609770\"><em>Russia and Western Civilization: Historical and Cultural Encounters<\/em><\/a>, Russ Bova, ed. (M.E. Sharpe, 2003), 113-141.<\/li>\n<\/ul>\n<ul>\n<li>\u201cImagining Sevastopol: History and Postwar Community Construction, 1942-1953\u201d (<em>National Identities<\/em>, July 2003), 123-139.<\/li>\n<li>\u201cAccommodation and Agitation in Sevastopol: Redefining Socialist Space in the Postwar \u2018City of Glory\u2019\u201d in <a href=\"https:\/\/www.amazon.com\/Socialist-Spaces-Sites-Everyday-Eastern\/dp\/185973538X?SubscriptionId=AKIAILSHYYTFIVPWUY6Q&amp;tag=duckduckgo-brave-20&amp;linkCode=xm2&amp;camp=2025&amp;creative=165953&amp;creativeASIN=185973538X\"><em>Socialist Spaces: Sites of Everyday Life in the Eastern Bloc<\/em><\/a>, David Crowley and Susan Reid, eds. (Oxford: Berg, 2002), 23-45.<\/li>\n<\/ul>\n<h3>\u00b7\u00a0\u00a0\u00a0\u00a0\u00a0\u00a0 \u201cLocal-Outsider Negotiations in Sevastopol\u2019s Postwar Reconstruction, 1944-53\u201d in <a href=\"https:\/\/www.amazon.com\/Provincial-Landscapes-Dimensions-1917-1953-European\/dp\/082296158X?SubscriptionId=AKIAILSHYYTFIVPWUY6Q&amp;tag=duckduckgo-brave-20&amp;linkCode=xm2&amp;camp=2025&amp;creative=165953&amp;creativeASIN=082296158X\"><em>Provincial Landscapes: The Local Dimensions of Soviet Power<\/em><\/a>, Donald J. Raleigh, ed., (University of Pittsburgh Press, 2001), 276-298.<\/h3>\n<pre><\/pre>\n<p><strong>COURSES TAUGHT<\/strong><\/p>\n<p>Europe since 1789; Historical Methods; Modern Germany; Modern Italy; Interwar Europe; Russia: Autocracy, Uprisings, and Daily Life in Medieval and Imperial Russia; Revolution, War, and Daily Life in Modern Russia; Europe&#8217;s Dictators; Holocaust; Urban History; History of Childhood; Nineteenth-Century Ideas for the Twenty-first Century.<\/p>\n<p>&nbsp;<\/p>\n<h4><\/h4>\n","protected":false},"excerpt":{"rendered":"<p>Karl Qualls,\u00a0Gibbs McKinney Chair in International Education and Professor of History, Dickinson\u00a0 College EDUCATION Ph.D. Georgetown University (1998) BA University of Missouri\u2011Columbia (1993); Phi Beta Kappa (Most Distinguished Undergraduate, 1992) SELECTED PUBLICATIONS Stalin\u2019s Ni\u00f1os: Transforming Spanish Refugees into Soviet Citizens, 1937-1951 (forthcoming, University of Toronto Press, February 2020) From Ruins to Reconstruction: Urban Identity in &hellip; <a href=\"https:\/\/blogs.dickinson.edu\/karlqualls\/about-me\/\" class=\"more-link\">Continue reading <span class=\"screen-reader-text\">About Me<\/span> <span class=\"meta-nav\">&rarr;<\/span><\/a><\/p>\n","protected":false},"author":1133,"featured_media":0,"parent":0,"menu_order":0,"comment_status":"open","ping_status":"open","template":"","meta":{"footnotes":""},"class_list":["post-14","page","type-page","status-publish","hentry"],"_links":{"self":[{"href":"https:\/\/blogs.dickinson.edu\/karlqualls\/wp-json\/wp\/v2\/pages\/14","targetHints":{"allow":["GET"]}}],"collection":[{"href":"https:\/\/blogs.dickinson.edu\/karlqualls\/wp-json\/wp\/v2\/pages"}],"about":[{"href":"https:\/\/blogs.dickinson.edu\/karlqualls\/wp-json\/wp\/v2\/types\/page"}],"author":[{"embeddable":true,"href":"https:\/\/blogs.dickinson.edu\/karlqualls\/wp-json\/wp\/v2\/users\/1133"}],"replies":[{"embeddable":true,"href":"https:\/\/blogs.dickinson.edu\/karlqualls\/wp-json\/wp\/v2\/comments?post=14"}],"version-history":[{"count":0,"href":"https:\/\/blogs.dickinson.edu\/karlqualls\/wp-json\/wp\/v2\/pages\/14\/revisions"}],"wp:attachment":[{"href":"https:\/\/blogs.dickinson.edu\/karlqualls\/wp-json\/wp\/v2\/media?parent=14"}],"curies":[{"name":"wp","href":"https:\/\/api.w.org\/{rel}","templated":true}]}}