{"id":8,"date":"2021-01-22T23:01:27","date_gmt":"2021-01-23T04:01:27","guid":{"rendered":"http:\/\/blogs.dickinson.edu\/spanishbusiness2021\/?page_id=8"},"modified":"2021-01-22T23:01:27","modified_gmt":"2021-01-23T04:01:27","slug":"exito","status":"publish","type":"page","link":"https:\/\/blogs.dickinson.edu\/spanishbusiness2021\/exito\/","title":{"rendered":"\u00a1\u00c9xito!"},"content":{"rendered":"<div class=\"entry\">\n<p>Bienvenidos al blog de Dickinson College para la clase de espa\u00f1ol para negocios: SPAN238-SP21.<\/p>\n<p><img loading=\"lazy\" decoding=\"async\" class=\"alignnone size-medium wp-image-12\" src=\"http:\/\/blogs.dickinson.edu\/spanishbusiness2016\/files\/2016\/01\/238-business-handshake-on-sky-background-2-300x200.jpg\" alt=\"238 business-handshake-on-sky-background\" width=\"300\" height=\"200\" \/><\/p>\n<p>Este blog est\u00e1 dedicado a los estudiantes de la clase de espa\u00f1ol para negocios y ser\u00e1 un lugar donde escribir\u00e1n observaciones, reflexiones y cr\u00edtica sobre noticias de inter\u00e9s relacionadas con el mundo de los negocios en el contexto hispano. Un lugar de encuentro para mantener un di\u00e1logo con los blogs de sus compa\u00f1eros.<\/p>\n<\/div>\n","protected":false},"excerpt":{"rendered":"<p>Bienvenidos al blog de Dickinson College para la clase de espa\u00f1ol para negocios: SPAN238-SP21. Este blog est\u00e1 dedicado a los estudiantes de la clase de espa\u00f1ol para negocios y ser\u00e1 un lugar donde escribir\u00e1n observaciones, reflexiones y cr\u00edtica sobre noticias de inter\u00e9s relacionadas con el mundo de los negocios en el contexto hispano. Un lugar [&hellip;]<\/p>\n","protected":false},"author":1345,"featured_media":0,"parent":0,"menu_order":0,"comment_status":"closed","ping_status":"closed","template":"","meta":{"footnotes":""},"class_list":["post-8","page","type-page","status-publish","hentry"],"_links":{"self":[{"href":"https:\/\/blogs.dickinson.edu\/spanishbusiness2021\/wp-json\/wp\/v2\/pages\/8","targetHints":{"allow":["GET"]}}],"collection":[{"href":"https:\/\/blogs.dickinson.edu\/spanishbusiness2021\/wp-json\/wp\/v2\/pages"}],"about":[{"href":"https:\/\/blogs.dickinson.edu\/spanishbusiness2021\/wp-json\/wp\/v2\/types\/page"}],"author":[{"embeddable":true,"href":"https:\/\/blogs.dickinson.edu\/spanishbusiness2021\/wp-json\/wp\/v2\/users\/1345"}],"replies":[{"embeddable":true,"href":"https:\/\/blogs.dickinson.edu\/spanishbusiness2021\/wp-json\/wp\/v2\/comments?post=8"}],"version-history":[{"count":0,"href":"https:\/\/blogs.dickinson.edu\/spanishbusiness2021\/wp-json\/wp\/v2\/pages\/8\/revisions"}],"wp:attachment":[{"href":"https:\/\/blogs.dickinson.edu\/spanishbusiness2021\/wp-json\/wp\/v2\/media?parent=8"}],"curies":[{"name":"wp","href":"https:\/\/api.w.org\/{rel}","templated":true}]}}