{"id":2,"date":"2021-12-10T14:06:43","date_gmt":"2021-12-10T14:06:43","guid":{"rendered":"https:\/\/blogs.dickinson.edu\/toulouse\/?page_id=2"},"modified":"2024-02-07T10:28:32","modified_gmt":"2024-02-07T10:28:32","slug":"sample-page","status":"publish","type":"page","link":"https:\/\/blogs.dickinson.edu\/toulouse\/","title":{"rendered":"Bienvenue ! | Welcome !"},"content":{"rendered":"\n<p>Dickinson en France est le programme d&#8217;\u00e9tudes en immersion linguistique de Dickinson College \u00e0 Toulouse, France depuis 1984.<\/p>\n\n\n\n<p><em>Dickinson in France is Dickinson College&#8217;s French language immersion study abroad program located in Toulouse, France since 1984. <\/em><\/p>\n\n\n\n<p>Retrouvez sur ce site les articles \u00e9crits par nos \u00e9tudiants en semestre de mobilit\u00e9 universitaire \u00e0 Toulouse ! <\/p>\n\n\n\n<p><em>On this website are published all the La Une articles written by<\/em> <em>our students during their stay in Toulouse!<\/em><\/p>\n\n\n\n<p>Venez \u00e9galement suivre nos aventures sur <a href=\"https:\/\/www.instagram.com\/dickinsonenfrance\/\"><strong>Instagram<\/strong><\/a> et sur <a href=\"https:\/\/www.linkedin.com\/company\/dickinson-en-france\/?viewAsMember=true\"><strong>LinkedIn<\/strong><\/a>.<\/p>\n\n\n\n<p><em>We would love for you to join in on our adventures via our <a href=\"https:\/\/www.instagram.com\/dickinsonenfrance\/\"><strong>Instagram<\/strong><\/a> and our <strong><a href=\"https:\/\/www.linkedin.com\/company\/dickinson-en-france\/?viewAsMember=true\">LinkedIn<\/a><\/strong>.<\/em><\/p>\n","protected":false},"excerpt":{"rendered":"<p>Dickinson en France est le programme d&#8217;\u00e9tudes en immersion linguistique de Dickinson College \u00e0 Toulouse, France depuis 1984. Dickinson in France is Dickinson College&#8217;s French language immersion study abroad program located in Toulouse, France since 1984. Retrouvez sur ce site les articles \u00e9crits par nos \u00e9tudiants en semestre de mobilit\u00e9 universitaire \u00e0 Toulouse ! On [&hellip;]<\/p>\n","protected":false},"author":126,"featured_media":0,"parent":0,"menu_order":0,"comment_status":"closed","ping_status":"open","template":"","meta":{"footnotes":"","_links_to":"","_links_to_target":""},"class_list":["post-2","page","type-page","status-publish","hentry"],"_links":{"self":[{"href":"https:\/\/blogs.dickinson.edu\/toulouse\/wp-json\/wp\/v2\/pages\/2","targetHints":{"allow":["GET"]}}],"collection":[{"href":"https:\/\/blogs.dickinson.edu\/toulouse\/wp-json\/wp\/v2\/pages"}],"about":[{"href":"https:\/\/blogs.dickinson.edu\/toulouse\/wp-json\/wp\/v2\/types\/page"}],"author":[{"embeddable":true,"href":"https:\/\/blogs.dickinson.edu\/toulouse\/wp-json\/wp\/v2\/users\/126"}],"replies":[{"embeddable":true,"href":"https:\/\/blogs.dickinson.edu\/toulouse\/wp-json\/wp\/v2\/comments?post=2"}],"version-history":[{"count":0,"href":"https:\/\/blogs.dickinson.edu\/toulouse\/wp-json\/wp\/v2\/pages\/2\/revisions"}],"wp:attachment":[{"href":"https:\/\/blogs.dickinson.edu\/toulouse\/wp-json\/wp\/v2\/media?parent=2"}],"curies":[{"name":"wp","href":"https:\/\/api.w.org\/{rel}","templated":true}]}}